{"id":1112,"date":"2020-08-10T21:40:14","date_gmt":"2020-08-10T21:40:14","guid":{"rendered":"http:\/\/www.geekecuador.com\/redd\/?page_id=1112"},"modified":"2021-06-21T14:14:30","modified_gmt":"2021-06-21T14:14:30","slug":"involucramiento-de-actores","status":"publish","type":"page","link":"https:\/\/reddecuador.ambiente.gob.ec\/redd\/?page_id=1112","title":{"rendered":"Involucramiento de Actores"},"content":{"rendered":"<h4>\n<p><img loading=\"lazy\" decoding=\"async\" class=\"alignnone size-full wp-image-393\" src=\"\/redd\/wp-content\/uploads\/01bullet_blanca.png\" alt=\"\" width=\"12\" height=\"60\" \/> Involucramiento de Actores<\/p>\n<p><\/h4>\n<div>\n<p style=\"text-align: justify;\"><strong>El Ministerio del Ambiente y Agua, como Autoridad Nacional REDD+<\/strong>, impulsar\u00e1 el involucramiento y la participaci\u00f3n plena y efectiva de actores estrat\u00e9gicos vinculados con REDD+, haciendo especial \u00e9nfasis en grupos de atenci\u00f3n prioritaria, mujeres, comunidades, pueblos y nacionalidades ind\u00edgenas, pueblo afroecuatoriano, pueblo montubio y comunas, en el marco de los derechos establecidos por la Constituci\u00f3n.<\/p>\n<p style=\"text-align: justify;\">La participaci\u00f3n se centrar\u00e1 en garantizar que todos los actores estrat\u00e9gicos, como sociedad civil, comunidades, pueblos y nacionalidades, est\u00e9n representados en los espacios de di\u00e1logo, para que puedan expresar sus ideas y opiniones respecto a la implementaci\u00f3n de REDD+ en el pa\u00eds. La participaci\u00f3n incluye adem\u00e1s acciones que permitan el acceso a la informaci\u00f3n y promuevan la transparencia.<\/p>\n<\/div>\n<div>\n<p style=\"text-align: justify;\">La creaci\u00f3n y el fortalecimiento de espacios de involucramiento facilitar\u00e1n el di\u00e1logo, la participaci\u00f3n activa, y el empoderamiento de la ciudadan\u00eda en los procesos que lleva adelante la Autoridad Nacional REDD+ en la implementaci\u00f3n de REDD+. Se promover\u00e1n \u00a0actividades para el involucramiento de las comunidades, pueblos y nacionalidades,\u00a0 a trav\u00e9s de la apertura, conformaci\u00f3n y facilitaci\u00f3n de espacios de di\u00e1logo para el dise\u00f1o de medidas REDD+ que se vayan a implementar en sus tierras o territorios.<\/p>\n<p style=\"text-align: justify;\">En este contexto, se evidencia que Ecuador ha posicionado a la participaci\u00f3n ciudadana como un eje estrat\u00e9gico y transversal durante la fase de preparaci\u00f3n para REDD+, lo que se ejemplifica en la\u00a0<strong>Mesa de Trabajo REDD+<\/strong>, en funcionamiento desde el a\u00f1o 2013, como un espacio de di\u00e1logo e involucramiento de actores de la sociedad civil en los acciones impulsadas en el \u00e1mbito de REDD+.<\/p>\n<\/div>\n<ul>\n<li>\n<p>        <img decoding=\"async\" src=\"\/redd\/wp-content\/uploads\/part3.jpg\" alt=\"\"><\/p>\n<h3>Mesa REDD+<\/h3>\n<\/li>\n<li>\n<p>        <img decoding=\"async\" src=\"\/redd\/wp-content\/uploads\/part2.jpg\" alt=\"\"><\/p>\n<h3>Mesa REDD+<\/h3>\n<\/li>\n<li>\n<p>        <img decoding=\"async\" src=\"\/redd\/wp-content\/uploads\/part1.jpg\" alt=\"\"><\/p>\n<h3>Mesa REDD+<\/h3>\n<\/li>\n<\/ul>\n<h1>Mesa de Trabajo REDD+, un espacio formal de di\u00e1logo nacional<\/h1>\n<div>\n<p style=\"text-align: center;\">El 27 de junio de 2017 el Ministro del Ambiente, Tarsicio Granizo, suscribi\u00f3 el <strong>Acuerdo Ministerial No. 46<\/strong>, mediante el cual se estableci\u00f3 la Mesa de Trabajo REDD+ como parte de la institucionalidad necesaria para la implementaci\u00f3n de REDD+.<\/p>\n<\/div>\n<h1><span style=\"color: #993300;\"><strong>Esta Mesa de Trabajo REDD+ cuenta con la participaci\u00f3n de los siguientes sectores:<\/strong><\/span><\/h1>\n<ul>\n<li>\n<div>\n<p>Sector acad\u00e9mico<\/p>\n<\/div>\n<\/li>\n<li>\n<div>\n<p>Organizaciones no gubernamentales nacionales<\/p>\n<\/div>\n<\/li>\n<li>\n<div>\n<p>Organizaciones de j\u00f3venes<\/p>\n<\/div>\n<\/li>\n<li>\n<div>\n<p>Sector privado<\/p>\n<\/div>\n<\/li>\n<li>\n<div>\n<p>Beneficiarios de programas o proyectos del MAATE<\/p>\n<\/div>\n<\/li>\n<li>\n<div>\n<p>Organizaciones de mujeres<\/p>\n<\/div>\n<\/li>\n<li>\n<div>\n<p>Organizaciones\/comunidades nacionales y de base de la Regi\u00f3n Amaz\u00f3nica<\/p>\n<\/div>\n<\/li>\n<li>\n<div>\n<p>Organizaciones\/comunidades nacionales y de base de la Regi\u00f3n Sierra<\/p>\n<\/div>\n<\/li>\n<li>\n<div>\n<p>Organizaciones\/comunidades nacionales y de base de la Regi\u00f3n Costa<\/p>\n<\/div>\n<\/li>\n<li>\n<div>\n<p>Organizaci\u00f3n\/comunidad Afro-ecuatoriana<\/p>\n<\/div>\n<\/li>\n<li>\n<div>\n<p>Organizaci\u00f3n de campesinos<\/p>\n<\/div>\n<\/li>\n<\/ul>\n<h1><span style=\"color: #993300;\"><strong>Descarga de documentos importantes:<\/strong><\/span><\/h1>\n<ul>\n<li>\n<p><a href=\"http:\/\/certificacionpuntoverde.ambiente.gob.ec\/libraries\/EAlfresco.php\/?doc=bb764f2c-33b9-4e81-b072-fc294351b3ee\"><\/p>\n<p><a href=\"http:\/\/certificacionpuntoverde.ambiente.gob.ec\/libraries\/EAlfresco.php\/?doc=bb764f2c-33b9-4e81-b072-fc294351b3ee\" target=\"_blank\" rel=\"noopener\">Acuerdo Ministerial No. 49 de 27 de junio de 2017, mediante el cual se establece la Mesa de Trabajo REDD+ \u201cBosques para el Buen Vivir\u201d y los lineamientos generales para su funcionamiento<\/a>.<\/p>\n<p><\/a><\/p>\n<\/li>\n<li>\n<p><a href=\"http:\/\/certificacionpuntoverde.ambiente.gob.ec\/libraries\/EAlfresco.php\/?doc=e9a18ca4-4142-4c06-a6ee-92196ca5b1a7\"><\/p>\n<p>Gu\u00eda para la incorporaci\u00f3n de actores privados, comunitarios y sociedad civil en la Mesa de Trabajo REDD+.<\/p>\n<p><\/a><\/p>\n<\/li>\n<li>\n<p><a href=\"http:\/\/certificacionpuntoverde.ambiente.gob.ec\/libraries\/EAlfresco.php\/?doc=049e74c7-f8ba-4eb4-91fb-ca0b4e388b26\"><\/p>\n<p>Reglamento de Funcionamiento de la Mesa de Trabajo REDD+.<\/p>\n<p><\/a><\/p>\n<\/li>\n<\/ul>\n<p><!--more--><br \/>\n<!-- {\"children\":[{\"name\":\"Hero\",\"type\":\"section\",\"props\":{\"style\":\"default\",\"width\":\"\",\"vertical_align\":\"\",\"title_position\":\"top-left\",\"title_rotation\":\"left\",\"title_breakpoint\":\"xl\",\"image_position\":\"center-center\",\"padding_remove_top\":true,\"padding\":\"none\",\"image\":\"wp-content\\\/uploads\\\/foto_ama.jpg\",\"media_overlay\":\"rgba(0, 0, 0, 0.34)\",\"image_parallax_easing\":\"0\",\"media_blend_mode\":\"overlay\",\"animation\":\"slide-top-medium\",\"animation_delay\":\"200\",\"image_size\":\"cover\"},\"children\":[{\"name\":\"\",\"type\":\"row\",\"children\":[{\"name\":\"\",\"type\":\"column\",\"props\":{\"image_position\":\"center-center\",\"media_overlay_gradient\":\"\",\"width_medium\":\"1-1\"},\"children\":[{\"type\":\"headline\",\"props\":{\"title_element\":\"h4\",\"text_align\":\"center\",\"title_style\":\"h4\",\"title_font_family\":\"primary\",\"css\":\".el-element {color: #fff;}\",\"content\":\"<br \\\/><br \\\/><img class=\\\"alignnone size-full wp-image-393\\\" src=\\\"wp-content\\\/uploads\\\/01bullet_blanca.png\\\" alt=\\\"\\\" width=\\\"12\\\" height=\\\"60\\\" \\\/> Involucramiento de Actores<br \\\/><br \\\/><br \\\/>\"}}]}]}]},{\"type\":\"section\",\"props\":{\"style\":\"secondary\",\"width\":\"default\",\"vertical_align\":\"middle\",\"title_position\":\"top-left\",\"title_rotation\":\"left\",\"title_breakpoint\":\"xl\",\"image_position\":\"center-center\",\"preserve_color\":false,\"overlap\":false,\"padding_remove_bottom\":true,\"padding\":\"xsmall\",\"css\":\".el-section {background-color:#949300;}\"},\"children\":[{\"type\":\"row\",\"children\":[{\"type\":\"column\",\"props\":{\"image_position\":\"center-center\",\"media_overlay_gradient\":\"\"},\"children\":[]}]}]},{\"name\":\"About\",\"type\":\"section\",\"props\":{\"style\":\"default\",\"width\":\"large\",\"vertical_align\":\"\",\"title_position\":\"top-left\",\"title_rotation\":\"left\",\"title_breakpoint\":\"xl\",\"image_position\":\"center-center\",\"padding\":\"small\",\"padding_remove_bottom\":false,\"padding_remove_top\":false,\"animation\":\"slide-top-medium\",\"animation_delay\":\"200\"},\"children\":[{\"name\":\"\",\"type\":\"row\",\"props\":{\"margin\":\"large\",\"layout\":\"1-2,1-2\",\"column_gap\":\"large\",\"divider\":true},\"children\":[{\"name\":\"\",\"type\":\"column\",\"props\":{\"image_position\":\"center-center\",\"media_overlay_gradient\":\"\",\"width_medium\":\"1-2\"},\"children\":[{\"name\":\"\",\"type\":\"text\",\"props\":{\"margin\":\"\",\"column_breakpoint\":\"m\",\"content\":\"\n\n<p style=\\\"text-align: justify;\\\"><strong>El Ministerio del Ambiente y Agua, como Autoridad Nacional REDD+<\\\/strong>, impulsar\\u00e1 el involucramiento y la participaci\\u00f3n plena y efectiva de actores estrat\\u00e9gicos vinculados con REDD+, haciendo especial \\u00e9nfasis en grupos de atenci\\u00f3n prioritaria, mujeres, comunidades, pueblos y nacionalidades ind\\u00edgenas, pueblo afroecuatoriano, pueblo montubio y comunas, en el marco de los derechos establecidos por la Constituci\\u00f3n.<\\\/p>\\n\n\n<p style=\\\"text-align: justify;\\\">La participaci\\u00f3n se centrar\\u00e1 en garantizar que todos los actores estrat\\u00e9gicos, como sociedad civil, comunidades, pueblos y nacionalidades, est\\u00e9n representados en los espacios de di\\u00e1logo, para que puedan expresar sus ideas y opiniones respecto a la implementaci\\u00f3n de REDD+ en el pa\\u00eds. La participaci\\u00f3n incluye adem\\u00e1s acciones que permitan el acceso a la informaci\\u00f3n y promuevan la transparencia.<\\\/p>\",\"column_divider\":false}}]},{\"type\":\"column\",\"props\":{\"image_position\":\"center-center\",\"media_overlay_gradient\":\"\",\"width_medium\":\"1-2\"},\"children\":[{\"name\":\"\",\"type\":\"text\",\"props\":{\"margin\":\"\",\"column_breakpoint\":\"m\",\"content\":\"\n\n<p style=\\\"text-align: justify;\\\">La creaci\\u00f3n y el fortalecimiento de espacios de involucramiento facilitar\\u00e1n el di\\u00e1logo, la participaci\\u00f3n activa, y el empoderamiento de la ciudadan\\u00eda en los procesos que lleva adelante la Autoridad Nacional REDD+ en la implementaci\\u00f3n de REDD+. Se promover\\u00e1n \\u00a0actividades para el involucramiento de las comunidades, pueblos y nacionalidades,\\u00a0 a trav\\u00e9s de la apertura, conformaci\\u00f3n y facilitaci\\u00f3n de espacios de di\\u00e1logo para el dise\\u00f1o de medidas REDD+ que se vayan a implementar en sus tierras o territorios.<\\\/p>\\n\n\n<p style=\\\"text-align: justify;\\\">En este contexto, se evidencia que Ecuador ha posicionado a la participaci\\u00f3n ciudadana como un eje estrat\\u00e9gico y transversal durante la fase de preparaci\\u00f3n para REDD+, lo que se ejemplifica en la\\u00a0<strong>Mesa de Trabajo REDD+<\\\/strong>, en funcionamiento desde el a\\u00f1o 2013, como un espacio de di\\u00e1logo e involucramiento de actores de la sociedad civil en los acciones impulsadas en el \\u00e1mbito de REDD+.<\\\/p>\",\"column_divider\":false}}]}]}]},{\"type\":\"section\",\"props\":{\"style\":\"default\",\"width\":\"large\",\"vertical_align\":\"middle\",\"title_position\":\"top-left\",\"title_rotation\":\"left\",\"title_breakpoint\":\"xl\",\"image_position\":\"center-center\",\"padding\":\"xsmall\",\"padding_remove_top\":true,\"animation\":\"slide-top-medium\",\"animation_delay\":\"200\"},\"children\":[{\"type\":\"row\",\"children\":[{\"type\":\"column\",\"props\":{\"image_position\":\"center-center\",\"media_overlay_gradient\":\"\"},\"children\":[{\"type\":\"gallery\",\"props\":{\"show_title\":false,\"show_meta\":true,\"show_content\":true,\"show_link\":true,\"show_hover_image\":true,\"grid_default\":\"1\",\"grid_medium\":\"3\",\"filter_style\":\"tab\",\"filter_all\":true,\"filter_position\":\"top\",\"filter_align\":\"left\",\"filter_grid_width\":\"auto\",\"overlay_mode\":\"cover\",\"overlay_hover\":true,\"overlay_style\":\"\",\"text_color\":\"light\",\"overlay_position\":\"center\",\"overlay_transition\":\"fade\",\"title_element\":\"h3\",\"meta_style\":\"meta\",\"meta_align\":\"below-title\",\"link_text\":\"\",\"link_style\":\"default\",\"text_align\":\"center\",\"margin\":\"\",\"item_animation\":true,\"image_width\":\"900\",\"parallax_breakpoint\":\"m\",\"parallax_y_start\":\"40\",\"parallax_y_end\":\"0\",\"parallax_opacity_start\":\"0.7\",\"parallax_opacity_end\":\"1\",\"parallax_viewport\":\"0.3\",\"grid_column_gap\":\"small\",\"grid_row_gap\":\"small\",\"filter_grid_breakpoint\":\"m\",\"title_hover_style\":\"reset\",\"overlay_link\":true,\"meta_element\":\"div\",\"animation\":\"slide-top-medium\"},\"children\":[{\"type\":\"gallery_item\",\"props\":{\"title\":\"Mesa REDD+\",\"image\":\"wp-content\\\/uploads\\\/part3.jpg\",\"hover_image\":null}},{\"type\":\"gallery_item\",\"props\":{\"title\":\"Mesa REDD+\",\"image\":\"wp-content\\\/uploads\\\/part2.jpg\",\"hover_image\":null}},{\"type\":\"gallery_item\",\"props\":{\"title\":\"Mesa REDD+\",\"image\":\"wp-content\\\/uploads\\\/part1.jpg\",\"hover_image\":null}}]}]}]}]},{\"type\":\"section\",\"props\":{\"style\":\"secondary\",\"width\":\"large\",\"vertical_align\":\"middle\",\"title_position\":\"top-left\",\"title_rotation\":\"left\",\"title_breakpoint\":\"xl\",\"image_position\":\"center-center\",\"padding\":\"xsmall\",\"padding_remove_top\":false,\"animation\":\"slide-top-medium\",\"animation_delay\":\"200\"},\"children\":[{\"type\":\"row\",\"children\":[{\"type\":\"column\",\"props\":{\"image_position\":\"center-center\",\"media_overlay_gradient\":\"\"},\"children\":[{\"type\":\"headline\",\"props\":{\"title_element\":\"h1\",\"content\":\"Mesa de Trabajo REDD+, un espacio formal de di\\u00e1logo nacional\",\"text_align\":\"center\",\"title_style\":\"h5\",\"title_font_family\":\"primary\"}}]}]}]},{\"type\":\"section\",\"props\":{\"style\":\"default\",\"width\":\"large\",\"vertical_align\":\"middle\",\"title_position\":\"top-left\",\"title_rotation\":\"left\",\"title_breakpoint\":\"xl\",\"image_position\":\"center-center\",\"padding\":\"xsmall\",\"padding_remove_bottom\":false,\"animation\":\"slide-top-medium\",\"animation_delay\":\"200\"},\"children\":[{\"type\":\"row\",\"children\":[{\"type\":\"column\",\"props\":{\"image_position\":\"center-center\",\"media_overlay_gradient\":\"\"},\"children\":[{\"type\":\"text\",\"props\":{\"margin\":\"default\",\"column_breakpoint\":\"m\",\"content\":\"\n\n<p style=\\\"text-align: center;\\\">El 27 de junio de 2017 el Ministro del Ambiente, Tarsicio Granizo, suscribi\\u00f3 el <strong>Acuerdo Ministerial No. 46<\\\/strong>, mediante el cual se estableci\\u00f3 la Mesa de Trabajo REDD+ como parte de la institucionalidad necesaria para la implementaci\\u00f3n de REDD+.<\\\/p>\"}}]}]}]},{\"type\":\"section\",\"props\":{\"style\":\"default\",\"width\":\"large\",\"vertical_align\":\"middle\",\"title_position\":\"top-left\",\"title_rotation\":\"left\",\"title_breakpoint\":\"xl\",\"image_position\":\"center-center\",\"padding\":\"xsmall\",\"padding_remove_top\":true,\"animation\":\"slide-top-medium\"},\"children\":[{\"type\":\"row\",\"children\":[{\"type\":\"column\",\"props\":{\"image_position\":\"center-center\",\"media_overlay_gradient\":\"\",\"width_medium\":\"1-2\"},\"children\":[{\"type\":\"headline\",\"props\":{\"title_element\":\"h1\",\"content\":\"<span style=\\\"color: #993300;\\\"><strong>Esta Mesa de Trabajo REDD+ cuenta con la participaci\\u00f3n de los siguientes sectores:<\\\/strong><\\\/span>\",\"title_style\":\"h5\",\"title_font_family\":\"primary\",\"text_align\":\"center\"}},{\"type\":\"list\",\"props\":{\"show_image\":true,\"show_link\":true,\"list_element\":\"ul\",\"column_breakpoint\":\"m\",\"image_svg_color\":\"emphasis\",\"image_align\":\"left\",\"image_vertical_align\":true,\"icon\":\"check\"},\"children\":[{\"type\":\"list_item\",\"props\":{\"content\":\"\n\n<p>Sector acad\\u00e9mico<\\\/p>\"}},{\"type\":\"list_item\",\"props\":{\"content\":\"\n\n<p>Organizaciones no gubernamentales nacionales<\\\/p>\"}},{\"type\":\"list_item\",\"props\":{\"content\":\"\n\n<p>Organizaciones de j\\u00f3venes<\\\/p>\"}},{\"type\":\"list_item\",\"props\":{\"content\":\"\n\n<p>Sector privado<\\\/p>\"}},{\"type\":\"list_item\",\"props\":{\"content\":\"\n\n<p>Beneficiarios de programas o proyectos del MAATE<\\\/p>\"}},{\"type\":\"list_item\",\"props\":{\"content\":\"\n\n<p>Organizaciones de mujeres<\\\/p>\"}},{\"type\":\"list_item\",\"props\":{\"content\":\"\n\n<p>Organizaciones\\\/comunidades nacionales y de base de la Regi\\u00f3n Amaz\\u00f3nica<\\\/p>\"}},{\"type\":\"list_item\",\"props\":{\"content\":\"\n\n<p>Organizaciones\\\/comunidades nacionales y de base de la Regi\\u00f3n Sierra<\\\/p>\"}},{\"type\":\"list_item\",\"props\":{\"content\":\"\n\n<p>Organizaciones\\\/comunidades nacionales y de base de la Regi\\u00f3n Costa<\\\/p>\"}},{\"type\":\"list_item\",\"props\":{\"content\":\"\n\n<p>Organizaci\\u00f3n\\\/comunidad Afro-ecuatoriana<\\\/p>\"}},{\"type\":\"list_item\",\"props\":{\"content\":\"\n\n<p>Organizaci\\u00f3n de campesinos<\\\/p>\",\"icon\":\"check\"}}]}]},{\"type\":\"column\",\"props\":{\"image_position\":\"center-center\",\"media_overlay_gradient\":\"\",\"width_medium\":\"1-2\",\"image\":\"\",\"media_overlay\":\"rgba(0, 0, 0, 0.52)\",\"image_size\":\"cover\"},\"children\":[{\"type\":\"headline\",\"props\":{\"title_element\":\"h1\",\"content\":\"<span style=\\\"color: #993300;\\\"><strong>Descarga de documentos importantes:<\\\/strong><\\\/span>\",\"title_style\":\"h5\",\"title_font_family\":\"primary\",\"text_align\":\"center\"}},{\"type\":\"list\",\"props\":{\"show_image\":true,\"show_link\":true,\"list_element\":\"ul\",\"column_breakpoint\":\"m\",\"image_svg_color\":\"emphasis\",\"image_align\":\"left\",\"image_vertical_align\":true,\"icon\":\"check\"},\"children\":[{\"type\":\"list_item\",\"props\":{\"content\":\"\n\n<p><a href=\\\"http:\\\/\\\/certificacionpuntoverde.ambiente.gob.ec\\\/libraries\\\/EAlfresco.php\\\/?doc=bb764f2c-33b9-4e81-b072-fc294351b3ee\\\" target=\\\"_blank\\\" rel=\\\"noopener\\\">Acuerdo Ministerial No. 49 de 27 de junio de 2017, mediante el cual se establece la Mesa de Trabajo REDD+ \\u201cBosques para el Buen Vivir\\u201d y los lineamientos generales para su funcionamiento<\\\/a>.<\\\/p>\",\"icon\":\"forward\",\"icon_color\":\"primary\",\"link\":\"http:\\\/\\\/certificacionpuntoverde.ambiente.gob.ec\\\/libraries\\\/EAlfresco.php\\\/?doc=bb764f2c-33b9-4e81-b072-fc294351b3ee\",\"link_target\":true}},{\"type\":\"list_item\",\"props\":{\"content\":\"\n\n<p>Gu\\u00eda para la incorporaci\\u00f3n de actores privados, comunitarios y sociedad civil en la Mesa de Trabajo REDD+.<\\\/p>\",\"icon\":\"forward\",\"icon_color\":\"primary\",\"link\":\"http:\\\/\\\/certificacionpuntoverde.ambiente.gob.ec\\\/libraries\\\/EAlfresco.php\\\/?doc=e9a18ca4-4142-4c06-a6ee-92196ca5b1a7\",\"link_target\":true}},{\"type\":\"list_item\",\"props\":{\"content\":\"\n\n<p>Reglamento de Funcionamiento de la Mesa de Trabajo REDD+.<\\\/p>\",\"icon\":\"forward\",\"icon_color\":\"primary\",\"link\":\"http:\\\/\\\/certificacionpuntoverde.ambiente.gob.ec\\\/libraries\\\/EAlfresco.php\\\/?doc=049e74c7-f8ba-4eb4-91fb-ca0b4e388b26\",\"link_target\":true}}]}]}],\"props\":{\"layout\":\"1-2,1-2\",\"row_gap\":\"collapse\"}}]}],\"version\":\"2.4.16\",\"type\":\"layout\"} --><\/p>\n","protected":false},"excerpt":{"rendered":"<p>Involucramiento de Actores El Ministerio del Ambiente y Agua, como Autoridad Nacional REDD+, impulsar\u00e1 el involucramiento y la participaci\u00f3n plena y efectiva de actores estrat\u00e9gicos vinculados con REDD+, haciendo especial \u00e9nfasis en grupos de atenci\u00f3n prioritaria, mujeres, comunidades, pueblos y nacionalidades ind\u00edgenas, pueblo afroecuatoriano, pueblo montubio y comunas, en el marco de los derechos establecidos [&hellip;]<\/p>\n","protected":false},"author":1,"featured_media":0,"parent":267,"menu_order":0,"comment_status":"closed","ping_status":"closed","template":"","meta":{"_monsterinsights_skip_tracking":false,"_monsterinsights_sitenote_active":false,"_monsterinsights_sitenote_note":"","_monsterinsights_sitenote_category":0,"footnotes":""},"class_list":["post-1112","page","type-page","status-publish","hentry"],"_links":{"self":[{"href":"https:\/\/reddecuador.ambiente.gob.ec\/redd\/index.php?rest_route=\/wp\/v2\/pages\/1112","targetHints":{"allow":["GET"]}}],"collection":[{"href":"https:\/\/reddecuador.ambiente.gob.ec\/redd\/index.php?rest_route=\/wp\/v2\/pages"}],"about":[{"href":"https:\/\/reddecuador.ambiente.gob.ec\/redd\/index.php?rest_route=\/wp\/v2\/types\/page"}],"author":[{"embeddable":true,"href":"https:\/\/reddecuador.ambiente.gob.ec\/redd\/index.php?rest_route=\/wp\/v2\/users\/1"}],"replies":[{"embeddable":true,"href":"https:\/\/reddecuador.ambiente.gob.ec\/redd\/index.php?rest_route=%2Fwp%2Fv2%2Fcomments&post=1112"}],"version-history":[{"count":42,"href":"https:\/\/reddecuador.ambiente.gob.ec\/redd\/index.php?rest_route=\/wp\/v2\/pages\/1112\/revisions"}],"predecessor-version":[{"id":2053,"href":"https:\/\/reddecuador.ambiente.gob.ec\/redd\/index.php?rest_route=\/wp\/v2\/pages\/1112\/revisions\/2053"}],"up":[{"embeddable":true,"href":"https:\/\/reddecuador.ambiente.gob.ec\/redd\/index.php?rest_route=\/wp\/v2\/pages\/267"}],"wp:attachment":[{"href":"https:\/\/reddecuador.ambiente.gob.ec\/redd\/index.php?rest_route=%2Fwp%2Fv2%2Fmedia&parent=1112"}],"curies":[{"name":"wp","href":"https:\/\/api.w.org\/{rel}","templated":true}]}}