{"id":378,"date":"2020-06-11T16:27:06","date_gmt":"2020-06-11T16:27:06","guid":{"rendered":"http:\/\/www.geekecuador.com\/redd\/?page_id=378"},"modified":"2021-06-21T13:46:15","modified_gmt":"2021-06-21T13:46:15","slug":"que-es-redd","status":"publish","type":"page","link":"https:\/\/reddecuador.ambiente.gob.ec\/redd\/?page_id=378","title":{"rendered":"\u00bfQu\u00e9 es REDD+?"},"content":{"rendered":"<h4><img loading=\"lazy\" decoding=\"async\" class=\"alignnone size-full wp-image-311\" src=\"\/redd\/wp-content\/uploads\/01bullet_azul.png\" alt=\"\" width=\"12\" height=\"60\" \/> <strong>\u00bfQu\u00e9 es REDD+?<\/strong><\/h4>\n<div>\n<p style=\"text-align: justify;\"><strong>REDD+<\/strong> es un enfoque para mitigar el cambio clim\u00e1tico, que impulsa actividades que reducen las causas de la deforestaci\u00f3n y promueven la conservaci\u00f3n, el manejo y uso sostenible de los recursos de los bosques.<\/p>\n<p style=\"text-align: justify;\"><strong>Ecuador concibe a REDD+<\/strong> como un instrumento cuyo objetivo es contribuir a los esfuerzos nacionales para la reducci\u00f3n de la deforestaci\u00f3n y degradaci\u00f3n de los bosques a trav\u00e9s de la conservaci\u00f3n, manejo forestal sostenible, y la optimizaci\u00f3n de otros usos de suelo para reducir la presi\u00f3n sobre los bosques, aportando de esta forma a la reducci\u00f3n de emisiones de GEI.<\/p>\n<\/div>\n<p><img decoding=\"async\" src=\"\/redd\/wp-content\/uploads\/que_es_redd_ecuador.png\" alt=\"\"><\/p>\n<h4><strong><img loading=\"lazy\" decoding=\"async\" class=\"alignnone size-full wp-image-393\" src=\"\/redd\/wp-content\/uploads\/01bullet_blanca.png\" alt=\"\" width=\"12\" height=\"60\" \/>\u00a0Convenci\u00f3n Marco de Naciones Unidas sobre el Cambio Clim\u00e1tico (CMNUCC)<\/strong><\/h4>\n<p><img decoding=\"async\" src=\"\/redd\/wp-content\/uploads\/CMNUCC-1-scaled.jpeg\" alt=\"\"><\/p>\n<div>\n<p><em>Pie de foto: <strong>Convenci\u00f3n Marco de Naciones Unidas sobre el Cambio Clim\u00e1tico (CMNUCC)<\/strong><\/em><\/p>\n<\/div>\n<div>\n<p style=\"text-align: justify;\">Los pa\u00edses que forman parte de la <strong>Convenci\u00f3n Marco de Naciones Unidas sobre el Cambio Clim\u00e1tico (CMNUCC)<\/strong> han construido, por m\u00e1s de una d\u00e9cada y a trav\u00e9s de reuniones y acuerdos globales, el\u00a0enfoque de pol\u00edticas e incentivos positivos para la reducci\u00f3n de emisiones debidas a la deforestaci\u00f3n y la degradaci\u00f3n de los bosques y la funci\u00f3n de conservaci\u00f3n de reservorios de carbono, manejo sostenible de bosques e incremento de contenidos de carbono de los bosques (REDD+).<\/p>\n<\/div>\n<h4><img loading=\"lazy\" decoding=\"async\" class=\"alignnone size-full wp-image-297\" src=\"\/redd\/wp-content\/uploads\/01bullet_naranja.png\" alt=\"\" width=\"12\" height=\"60\" \/> Objetivos<strong> REDD+ Ecuador<\/strong><\/h4>\n<div>\n<p>        <img decoding=\"async\" src=\"\/redd\/wp-content\/uploads\/articulacion.png\" alt=\"\"><\/p>\n<div>\n<p style=\"text-align: justify;\">Apoyar en la articulaci\u00f3n de pol\u00edticas intersectoriales y gubernamentales, y transversalizar el cambio clim\u00e1tico y REDD+ en las pol\u00edticas p\u00fablicas nacionales y en los principales instrumentos de ordenamiento territorial a nivel de los gobiernos aut\u00f3nomos descentralizados (GAD) y de comunidades, pueblos y nacionalidades.<\/p>\n<\/div>\n<\/div>\n<div>\n<p>        <img decoding=\"async\" src=\"\/redd\/wp-content\/uploads\/transicion.png\" alt=\"\"><\/p>\n<div>\n<p style=\"text-align: justify;\">Apoyar la transici\u00f3n hacia sistemas productivos sostenibles y libres de deforestaci\u00f3n.<\/p>\n<\/div>\n<\/div>\n<div>\n<p>        <img decoding=\"async\" src=\"\/redd\/wp-content\/uploads\/mfs.png\" alt=\"\"><\/p>\n<div>\n<p style=\"text-align: justify;\">Mejorar el manejo forestal sostenible (MFS), as\u00ed como el aprovechamiento de los productos forestales no maderables (PFNM), en el marco de los bioemprendimientos priorizados por el Ministerio del Ambiente, Agua y Transici\u00f3n Ecol\u00f3gica (MAATE).<\/p>\n<\/div>\n<\/div>\n<div>\n<p>        <img decoding=\"async\" src=\"\/redd\/wp-content\/uploads\/sostenibilidad.png\" alt=\"\"><\/p>\n<div>\n<p style=\"text-align: justify;\">Contribuir a la sostenibilidad de las iniciativas que buscan la conservaci\u00f3n y regeneraci\u00f3n de la cobertura boscosa en el marco de las metas establecidas en el Plan Nacional de Desarrollo y otras pol\u00edticas y programas nacionales relevantes, incluidos aquellos relacionados con la restauraci\u00f3n forestal.<\/p>\n<\/div>\n<\/div>\n<p><!--more--><br \/>\n<!-- {\"type\":\"layout\",\"children\":[{\"type\":\"section\",\"props\":{\"style\":\"muted\",\"width\":\"default\",\"vertical_align\":\"middle\",\"title_position\":\"top-left\",\"title_rotation\":\"left\",\"title_breakpoint\":\"xl\",\"image_position\":\"center-center\",\"padding\":\"xsmall\",\"animation\":\"slide-top-medium\",\"animation_delay\":\"200\"},\"children\":[{\"type\":\"row\",\"props\":{\"layout\":\"1-2,1-2\"},\"children\":[{\"type\":\"column\",\"props\":{\"image_position\":\"center-center\",\"media_overlay_gradient\":\"\",\"width_medium\":\"1-2\"},\"children\":[{\"type\":\"headline\",\"props\":{\"title_element\":\"h4\",\"title_style\":\"h4\",\"content\":\"<img class=\\\"alignnone size-full wp-image-311\\\" src=\\\"wp-content\\\/uploads\\\/01bullet_azul.png\\\" alt=\\\"\\\" width=\\\"12\\\" height=\\\"60\\\" \\\/> <strong>\\u00bfQu\\u00e9 es REDD+?<\\\/strong>\"}},{\"type\":\"text\",\"props\":{\"margin\":\"default\",\"column_breakpoint\":\"m\",\"content\":\"\n\n<p style=\\\"text-align: justify;\\\"><strong>REDD+<\\\/strong> es un enfoque para mitigar el cambio clim\\u00e1tico, que impulsa actividades que reducen las causas de la deforestaci\\u00f3n y promueven la conservaci\\u00f3n, el manejo y uso sostenible de los recursos de los bosques.<\\\/p>\\n\n\n<p style=\\\"text-align: justify;\\\"><strong>Ecuador concibe a REDD+<\\\/strong> como un instrumento cuyo objetivo es contribuir a los esfuerzos nacionales para la reducci\\u00f3n de la deforestaci\\u00f3n y degradaci\\u00f3n de los bosques a trav\\u00e9s de la conservaci\\u00f3n, manejo forestal sostenible, y la optimizaci\\u00f3n de otros usos de suelo para reducir la presi\\u00f3n sobre los bosques, aportando de esta forma a la reducci\\u00f3n de emisiones de GEI.<\\\/p>\"}}]},{\"type\":\"column\",\"props\":{\"image_position\":\"center-center\",\"media_overlay_gradient\":\"\",\"width_medium\":\"1-2\"},\"children\":[{\"type\":\"image\",\"props\":{\"margin\":\"default\",\"image_svg_color\":\"emphasis\",\"text_align\":\"center\",\"image\":\"wp-content\\\/uploads\\\/que_es_redd_ecuador.png\"}}]}]}]},{\"type\":\"section\",\"props\":{\"style\":\"secondary\",\"width\":\"default\",\"vertical_align\":\"middle\",\"title_position\":\"top-left\",\"title_rotation\":\"left\",\"title_breakpoint\":\"xl\",\"image_position\":\"center-center\",\"padding\":\"xsmall\",\"animation\":\"slide-top-medium\",\"animation_delay\":\"200\"},\"children\":[{\"type\":\"row\",\"children\":[{\"type\":\"column\",\"props\":{\"image_position\":\"center-center\",\"media_overlay_gradient\":\"\",\"width_medium\":\"1-1\"},\"children\":[{\"type\":\"headline\",\"props\":{\"title_element\":\"h4\",\"text_align\":\"center\",\"content\":\"<strong><img class=\\\"alignnone size-full wp-image-393\\\" src=\\\"wp-content\\\/uploads\\\/01bullet_blanca.png\\\" alt=\\\"\\\" width=\\\"12\\\" height=\\\"60\\\" \\\/>\\u00a0Convenci\\u00f3n Marco de Naciones Unidas sobre el Cambio Clim\\u00e1tico (CMNUCC)<\\\/strong>\"}}]}]}]},{\"type\":\"section\",\"props\":{\"style\":\"default\",\"width\":\"default\",\"vertical_align\":\"middle\",\"title_position\":\"top-left\",\"title_rotation\":\"left\",\"title_breakpoint\":\"xl\",\"image_position\":\"center-center\",\"padding\":\"small\",\"animation\":\"slide-top-medium\",\"padding_remove_bottom\":true,\"animation_delay\":\"200\"},\"children\":[{\"type\":\"row\",\"props\":{\"layout\":\"1-3,2-3\",\"divider\":false},\"children\":[{\"type\":\"column\",\"props\":{\"image_position\":\"center-center\",\"media_overlay_gradient\":\"\",\"width_medium\":\"1-3\"},\"children\":[{\"type\":\"image\",\"props\":{\"margin\":\"default\",\"image_svg_color\":\"emphasis\",\"image\":\"wp-content\\\/uploads\\\/CMNUCC-1-scaled.jpeg\"}},{\"type\":\"text\",\"props\":{\"margin\":\"default\",\"column_breakpoint\":\"m\",\"text_size\":\"small\",\"content\":\"\n\n<p><em>Pie de foto: <strong>Convenci\\u00f3n Marco de Naciones Unidas sobre el Cambio Clim\\u00e1tico (CMNUCC)<\\\/strong><\\\/em><\\\/p>\"}}]},{\"type\":\"column\",\"props\":{\"image_position\":\"center-center\",\"media_overlay_gradient\":\"\",\"width_medium\":\"2-3\"},\"children\":[{\"type\":\"text\",\"props\":{\"margin\":\"default\",\"column_breakpoint\":\"m\",\"content\":\"\n\n<p style=\\\"text-align: justify;\\\">Los pa\\u00edses que forman parte de la <strong>Convenci\\u00f3n Marco de Naciones Unidas sobre el Cambio Clim\\u00e1tico (CMNUCC)<\\\/strong> han construido, por m\\u00e1s de una d\\u00e9cada y a trav\\u00e9s de reuniones y acuerdos globales, el\\u00a0enfoque de pol\\u00edticas e incentivos positivos para la reducci\\u00f3n de emisiones debidas a la deforestaci\\u00f3n y la degradaci\\u00f3n de los bosques y la funci\\u00f3n de conservaci\\u00f3n de reservorios de carbono, manejo sostenible de bosques e incremento de contenidos de carbono de los bosques (REDD+).<\\\/p>\"}}]}]}]},{\"type\":\"section\",\"props\":{\"style\":\"default\",\"width\":\"xlarge\",\"vertical_align\":\"middle\",\"title_position\":\"top-left\",\"title_rotation\":\"left\",\"title_breakpoint\":\"xl\",\"image_position\":\"center-center\",\"padding\":\"xsmall\",\"animation\":\"slide-top-medium\",\"padding_remove_top\":true,\"animation_delay\":\"200\"},\"children\":[{\"type\":\"row\",\"children\":[{\"type\":\"column\",\"props\":{\"image_position\":\"center-center\",\"media_overlay_gradient\":\"\",\"width_medium\":\"1-1\"},\"children\":[{\"type\":\"divider\",\"props\":{\"divider_element\":\"div\",\"divider_style\":\"icon\",\"divider_align\":\"\",\"divider_align_breakpoint\":\"\",\"divider_align_fallback\":\"\"}}]}]}]},{\"type\":\"section\",\"props\":{\"style\":\"default\",\"width\":\"xlarge\",\"vertical_align\":\"middle\",\"title_position\":\"top-left\",\"title_rotation\":\"left\",\"title_breakpoint\":\"xl\",\"image_position\":\"center-center\",\"padding\":\"xsmall\",\"animation\":\"slide-top-medium\",\"padding_remove_top\":true,\"animation_delay\":\"200\"},\"children\":[{\"type\":\"row\",\"children\":[{\"type\":\"column\",\"props\":{\"image_position\":\"center-center\",\"media_overlay_gradient\":\"\",\"width_medium\":\"1-1\"},\"children\":[{\"type\":\"headline\",\"props\":{\"title_element\":\"h4\",\"text_align\":\"center\",\"content\":\"<img class=\\\"alignnone size-full wp-image-297\\\" src=\\\"wp-content\\\/uploads\\\/01bullet_naranja.png\\\" alt=\\\"\\\" width=\\\"12\\\" height=\\\"60\\\" \\\/> Objetivos<strong> REDD+ Ecuador<\\\/strong>\"}}]}]}]},{\"type\":\"section\",\"props\":{\"style\":\"default\",\"width\":\"xlarge\",\"vertical_align\":\"middle\",\"title_position\":\"top-left\",\"title_rotation\":\"left\",\"title_breakpoint\":\"xl\",\"image_position\":\"center-center\",\"padding\":\"xsmall\",\"animation\":\"slide-top-medium\",\"animation_delay\":\"200\"},\"children\":[{\"type\":\"row\",\"props\":{\"layout\":\"1-4,1-4,1-4,1-4|1-2,1-2,1-2,1-2\"},\"children\":[{\"type\":\"column\",\"props\":{\"image_position\":\"center-center\",\"media_overlay_gradient\":\"\",\"width_medium\":\"1-4\",\"width_small\":\"1-2\"},\"children\":[{\"type\":\"panel\",\"props\":{\"link_text\":\"Read more\",\"title_hover_style\":\"reset\",\"title_element\":\"h3\",\"title_align\":\"top\",\"title_grid_width\":\"1-2\",\"title_grid_breakpoint\":\"m\",\"meta_style\":\"meta\",\"meta_align\":\"below-title\",\"image_align\":\"top\",\"image_grid_width\":\"1-2\",\"image_grid_breakpoint\":\"m\",\"image_svg_color\":\"emphasis\",\"link_style\":\"default\",\"margin\":\"default\",\"panel_content_padding\":\"small\",\"panel_size\":\"small\",\"image\":\"wp-content\\\/uploads\\\/articulacion.png\",\"content\":\"\n\n<p style=\\\"text-align: justify;\\\">Apoyar en la articulaci\\u00f3n de pol\\u00edticas intersectoriales y gubernamentales, y transversalizar el cambio clim\\u00e1tico y REDD+ en las pol\\u00edticas p\\u00fablicas nacionales y en los principales instrumentos de ordenamiento territorial a nivel de los gobiernos aut\\u00f3nomos descentralizados (GAD) y de comunidades, pueblos y nacionalidades.<\\\/p>\",\"panel_card_image\":true,\"icon_width\":80,\"content_column_breakpoint\":\"m\",\"meta_element\":\"div\"}}]},{\"type\":\"column\",\"props\":{\"image_position\":\"center-center\",\"media_overlay_gradient\":\"\",\"width_medium\":\"1-4\",\"width_small\":\"1-2\"},\"children\":[{\"type\":\"panel\",\"props\":{\"link_text\":\"Read more\",\"title_hover_style\":\"reset\",\"title_element\":\"h3\",\"title_align\":\"top\",\"title_grid_width\":\"1-2\",\"title_grid_breakpoint\":\"m\",\"meta_style\":\"meta\",\"meta_align\":\"below-title\",\"image_align\":\"top\",\"image_grid_width\":\"1-2\",\"image_grid_breakpoint\":\"m\",\"image_svg_color\":\"emphasis\",\"link_style\":\"default\",\"margin\":\"default\",\"panel_content_padding\":\"small\",\"panel_size\":\"small\",\"image\":\"wp-content\\\/uploads\\\/transicion.png\",\"content\":\"\n\n<p style=\\\"text-align: justify;\\\">Apoyar la transici\\u00f3n hacia sistemas productivos sostenibles y libres de deforestaci\\u00f3n.<\\\/p>\",\"image_alt\":\"\",\"panel_card_image\":true,\"icon_width\":80,\"content_column_breakpoint\":\"m\",\"meta_element\":\"div\"}}]},{\"type\":\"column\",\"props\":{\"image_position\":\"center-center\",\"media_overlay_gradient\":\"\",\"width_medium\":\"1-4\",\"width_small\":\"1-2\"},\"children\":[{\"type\":\"panel\",\"props\":{\"link_text\":\"Read more\",\"title_hover_style\":\"reset\",\"title_element\":\"h3\",\"title_align\":\"top\",\"title_grid_width\":\"1-2\",\"title_grid_breakpoint\":\"m\",\"meta_style\":\"meta\",\"meta_align\":\"below-title\",\"image_align\":\"top\",\"image_grid_width\":\"1-2\",\"image_grid_breakpoint\":\"m\",\"image_svg_color\":\"emphasis\",\"link_style\":\"default\",\"margin\":\"default\",\"panel_content_padding\":\"small\",\"image\":\"wp-content\\\/uploads\\\/mfs.png\",\"content\":\"\n\n<p style=\\\"text-align: justify;\\\">Mejorar el manejo forestal sostenible (MFS), as\\u00ed como el aprovechamiento de los productos forestales no maderables (PFNM), en el marco de los bioemprendimientos priorizados por el Ministerio del Ambiente, Agua y Transici\\u00f3n Ecol\\u00f3gica (MAATE).<\\\/p>\",\"icon_width\":80,\"content_column_breakpoint\":\"m\",\"meta_element\":\"div\"}}]},{\"type\":\"column\",\"props\":{\"image_position\":\"center-center\",\"media_overlay_gradient\":\"\",\"width_medium\":\"1-4\",\"width_small\":\"1-2\"},\"children\":[{\"type\":\"panel\",\"props\":{\"link_text\":\"Read more\",\"title_hover_style\":\"reset\",\"title_element\":\"h3\",\"title_align\":\"top\",\"title_grid_width\":\"1-2\",\"title_grid_breakpoint\":\"m\",\"meta_style\":\"meta\",\"meta_align\":\"below-title\",\"image_align\":\"top\",\"image_grid_width\":\"1-2\",\"image_grid_breakpoint\":\"m\",\"image_svg_color\":\"emphasis\",\"link_style\":\"default\",\"margin\":\"default\",\"panel_content_padding\":\"small\",\"image\":\"wp-content\\\/uploads\\\/sostenibilidad.png\",\"content\":\"\n\n<p style=\\\"text-align: justify;\\\">Contribuir a la sostenibilidad de las iniciativas que buscan la conservaci\\u00f3n y regeneraci\\u00f3n de la cobertura boscosa en el marco de las metas establecidas en el Plan Nacional de Desarrollo y otras pol\\u00edticas y programas nacionales relevantes, incluidos aquellos relacionados con la restauraci\\u00f3n forestal.<\\\/p>\",\"icon_width\":80,\"content_column_breakpoint\":\"m\",\"meta_element\":\"div\"}}]}]},{\"type\":\"row\",\"children\":[{\"type\":\"column\",\"props\":{\"image_position\":\"center-center\",\"media_overlay_gradient\":\"\",\"width_medium\":\"1-1\"},\"children\":[]}]}]}],\"version\":\"2.4.16\"} --><\/p>\n","protected":false},"excerpt":{"rendered":"<p>\u00bfQu\u00e9 es REDD+? REDD+ es un enfoque para mitigar el cambio clim\u00e1tico, que impulsa actividades que reducen las causas de la deforestaci\u00f3n y promueven la conservaci\u00f3n, el manejo y uso sostenible de los recursos de los bosques. Ecuador concibe a REDD+ como un instrumento cuyo objetivo es contribuir a los esfuerzos nacionales para la reducci\u00f3n [&hellip;]<\/p>\n","protected":false},"author":1,"featured_media":0,"parent":0,"menu_order":0,"comment_status":"closed","ping_status":"closed","template":"","meta":{"_monsterinsights_skip_tracking":false,"_monsterinsights_sitenote_active":false,"_monsterinsights_sitenote_note":"","_monsterinsights_sitenote_category":0,"footnotes":""},"class_list":["post-378","page","type-page","status-publish","hentry"],"_links":{"self":[{"href":"https:\/\/reddecuador.ambiente.gob.ec\/redd\/index.php?rest_route=\/wp\/v2\/pages\/378","targetHints":{"allow":["GET"]}}],"collection":[{"href":"https:\/\/reddecuador.ambiente.gob.ec\/redd\/index.php?rest_route=\/wp\/v2\/pages"}],"about":[{"href":"https:\/\/reddecuador.ambiente.gob.ec\/redd\/index.php?rest_route=\/wp\/v2\/types\/page"}],"author":[{"embeddable":true,"href":"https:\/\/reddecuador.ambiente.gob.ec\/redd\/index.php?rest_route=\/wp\/v2\/users\/1"}],"replies":[{"embeddable":true,"href":"https:\/\/reddecuador.ambiente.gob.ec\/redd\/index.php?rest_route=%2Fwp%2Fv2%2Fcomments&post=378"}],"version-history":[{"count":74,"href":"https:\/\/reddecuador.ambiente.gob.ec\/redd\/index.php?rest_route=\/wp\/v2\/pages\/378\/revisions"}],"predecessor-version":[{"id":2042,"href":"https:\/\/reddecuador.ambiente.gob.ec\/redd\/index.php?rest_route=\/wp\/v2\/pages\/378\/revisions\/2042"}],"wp:attachment":[{"href":"https:\/\/reddecuador.ambiente.gob.ec\/redd\/index.php?rest_route=%2Fwp%2Fv2%2Fmedia&parent=378"}],"curies":[{"name":"wp","href":"https:\/\/api.w.org\/{rel}","templated":true}]}}