{"id":564,"date":"2020-07-10T21:40:12","date_gmt":"2020-07-10T21:40:12","guid":{"rendered":"http:\/\/www.geekecuador.com\/redd\/?page_id=564"},"modified":"2020-11-26T14:22:49","modified_gmt":"2020-11-26T14:22:49","slug":"produccion-sostenible","status":"publish","type":"page","link":"https:\/\/reddecuador.ambiente.gob.ec\/redd\/?page_id=564","title":{"rendered":"Producci\u00f3n Sostenible"},"content":{"rendered":"<h4><img loading=\"lazy\" decoding=\"async\" class=\"alignnone size-full wp-image-311\" src=\"\/portal_redd\/wp-content\/uploads\/01bullet_azul.png\" alt=\"\" width=\"12\" height=\"60\" \/> Producci\u00f3n Sostenible<\/h4>\n<div>\n<p style=\"text-align: justify;\">En el Ecuador, el Ministerio de Agricultura y Ganader\u00eda &#8211; MAG lleva adelante varias iniciativas encaminadas a la transformaci\u00f3n de los sistemas de producci\u00f3n. Entre estos destacan:<\/p>\n<ul>\n<li style=\"text-align: justify;\">El proyecto de Reconversi\u00f3n Agroproductiva Sostenible de la Amazon\u00eda enmarcado en la Agenda de Transformaci\u00f3n Productiva Amaz\u00f3nica (ATPA- MAGAP)<\/li>\n<li style=\"text-align: justify;\">El Programa de Ganader\u00eda Sostenible<\/li>\n<li style=\"text-align: justify;\">El Programa de Reactivaci\u00f3n del Cacao y la Caficultura<\/li>\n<li style=\"text-align: justify;\">El Programa de Incentivos Forestales.<\/li>\n<\/ul>\n<\/div>\n<div>\n<div id=\"metaslider-id-1578\" style=\"width: 100%;\" class=\"ml-slider-3-102-0 metaslider metaslider-flex metaslider-1578 ml-slider ms-theme-default nav-hidden\" role=\"region\" aria-label=\"Producci\u00f3n Sostenible\" data-height=\"450\" data-width=\"800\">\n    <div id=\"metaslider_container_1578\">\n        <div id=\"metaslider_1578\">\n            <ul class='slides'>\n                <li style=\"display: block; width: 100%;\" class=\"slide-1582 ms-image \" aria-roledescription=\"slide\" data-date=\"2020-10-12 13:53:52\" data-slide-type=\"image\"><img loading=\"lazy\" decoding=\"async\" src=\"https:\/\/reddecuador.ambiente.gob.ec\/redd\/wp-content\/uploads\/sp_foto1sh-800x450.jpg\" height=\"450\" width=\"800\" alt=\"\" class=\"slider-1578 slide-1582 msDefaultImage\" title=\"sp_foto1sh\" \/><\/li>\n                <li style=\"display: none; width: 100%;\" class=\"slide-1583 ms-image \" aria-roledescription=\"slide\" data-date=\"2020-10-12 13:53:53\" data-slide-type=\"image\"><img loading=\"lazy\" decoding=\"async\" src=\"https:\/\/reddecuador.ambiente.gob.ec\/redd\/wp-content\/uploads\/sp_foto2sh-800x450.jpeg\" height=\"450\" width=\"800\" alt=\"\" class=\"slider-1578 slide-1583 msDefaultImage\" title=\"sp_foto2sh\" \/><\/li>\n                <li style=\"display: none; width: 100%;\" class=\"slide-1584 ms-image \" aria-roledescription=\"slide\" data-date=\"2020-10-12 13:53:53\" data-slide-type=\"image\"><img loading=\"lazy\" decoding=\"async\" src=\"https:\/\/reddecuador.ambiente.gob.ec\/redd\/wp-content\/uploads\/sp_foto3sh-800x450.jpg\" height=\"450\" width=\"800\" alt=\"\" class=\"slider-1578 slide-1584 msDefaultImage\" title=\"sp_foto3sh\" \/><\/li>\n            <\/ul>\n        <\/div>\n        \n    <\/div>\n<\/div><\/div>\n<h1><img loading=\"lazy\" decoding=\"async\" class=\"alignnone size-full wp-image-393\" src=\"\/portal_redd\/wp-content\/uploads\/01bullet_blanca.png\" alt=\"\" width=\"12\" height=\"60\" \/> Objetivo<\/h1>\n<div>\n<p style=\"text-align: center;\"><strong>Apoyar en la articulaci\u00f3n de pol\u00edticas y normativa legal intersectorial y entre diferentes niveles de gobierno para transversalizar el cambio clim\u00e1tico y REDD+ en las pol\u00edticas p\u00fablicas nacionales, as\u00ed como en los principales instrumentos de ordenamiento territorial a nivel de los GAD y de las comunidades, pueblos y nacionalidades ind\u00edgenas.<\/strong><\/p>\n<\/div>\n<h4><img loading=\"lazy\" decoding=\"async\" class=\"alignnone size-full wp-image-311\" src=\"\/portal_redd\/wp-content\/uploads\/01bullet_azul.png\" alt=\"\" width=\"12\" height=\"60\" \/>\u00a0Medidas que se <strong>deben impulsar<\/strong><\/h4>\n<div>\n<p>        <img decoding=\"async\" src=\"\/portal_redd\/wp-content\/uploads\/ps_foto1.png\" alt=\"\"><\/p>\n<h3>Reconversi\u00f3n productiva agropecuaria<\/h3>\n<div>\n<p style=\"text-align: justify;\">Se refiere a los cambios voluntarios para conseguir una producci\u00f3n sostenible y libre de deforestaci\u00f3n. Este proceso busca transformar las \u00e1reas de monocultivos que han perdido productividad en el tiempo, que son susceptibles a riesgos ambientales (como plagas) y socioecon\u00f3micos (como ca\u00eddas de precio) y que no proveen de cobeneficios ambientales y sociales.<\/p>\n<p style=\"text-align: justify;\">Tambie\u0301n constituye una respuesta ante los riesgos de pe\u0301rdida de cultivos y los efectos sobre el rendimiento debidos al cambio clima\u0301tico.<\/p>\n<\/div>\n<\/div>\n<div>\n<p>        <img decoding=\"async\" src=\"\/portal_redd\/wp-content\/uploads\/ps_foto3.png\" alt=\"\"><\/p>\n<h3>Trazabilidad y certificaci\u00f3n para productos libres de deforestaci\u00f3n<\/h3>\n<div>\n<p style=\"text-align: justify;\">La trazabilidad y la certificaci\u00f3n son instrumentos clave para incentivar las buenas pr\u00e1cticas y la reducci\u00f3n de la deforestaci\u00f3n. La trazabilidad se refiere a los procesos preestablecidos que se llevan a cabo para determinar el recorrido del producto, desde su origen hasta su destino o consumidor final. La certificaci\u00f3n es el procedimiento mediante el cual un organismo da una garant\u00eda por escrito, de que un producto, un proceso o un servicio cumplen con requisitos de calidad espec\u00edficos. Un ejemplo es la certificaci\u00f3n RSPO para palma aceitera, la cual cuenta con un criterio espec\u00edfico relacionado con la no deforestaci\u00f3n.<\/p>\n<\/div>\n<\/div>\n<div>\n<p>        <img decoding=\"async\" src=\"\/portal_redd\/wp-content\/uploads\/ps_foto2.png\" alt=\"\"><\/p>\n<h3>Mejora de la productividad y fomento de la adopci\u00f3n de buenas pr\u00e1cticas<\/h3>\n<div>\n<p style=\"text-align: justify;\">Son actividades agropecuarias, forestales y acu\u00edcolas que incorporan buenas pr\u00e1cticas en la mejora de la productividad y evitan o reducen la deforestaci\u00f3n. Este proceso busca introducir cambios tecnol\u00f3gicos en sistemas productivos existentes para que sean m\u00e1s sostenibles en el tiempo, evitando la p\u00e9rdida de suelo y de otros factores clave para la productividad. Una mejor productividad en las \u00e1reas deforestadas evitar\u00e1 que m\u00e1s bosques sean talados para la instalaci\u00f3n de nuevos cultivos, plantaciones o piscinas acu\u00edcolas.<\/p>\n<\/div>\n<\/div>\n<div>\n<p>        <img decoding=\"async\" src=\"\/portal_redd\/wp-content\/uploads\/ps_foto4.png\" alt=\"\"><\/p>\n<h3>Compras responsables y aseguramiento de mercados e integraci\u00f3n a cadenas de valor<\/h3>\n<div>\n<p style=\"text-align: justify;\">Se enfocan directamente en quienes compran para que prefieran productos que cumplen con ciertos requisitos y est\u00e1ndares de sostenibilidad social y ambiental en su producci\u00f3n. Es posible generar impactos importantes en la reducci\u00f3n de la deforestaci\u00f3n si las medidas de reconversi\u00f3n productiva agropecuaria, forestal y acu\u00edcola y las mejores pr\u00e1cticas se acompa\u00f1an de acciones orientadas a: <strong>a)<\/strong> fomentar las compras responsables de los productos certificados y con trazabilidad, en el sector p\u00fablico y privado; <strong>b)<\/strong> asegurar oportunidades de mercados nacionales e internacionales, <strong>c)<\/strong> integrar los productores dentro de una cadena de valor.<\/p>\n<\/div>\n<\/div>\n<p><!-- {\"name\":\"base2\",\"type\":\"layout\",\"children\":[{\"type\":\"section\",\"props\":{\"style\":\"muted\",\"width\":\"default\",\"vertical_align\":\"middle\",\"title_position\":\"top-left\",\"title_rotation\":\"left\",\"title_breakpoint\":\"xl\",\"image_position\":\"center-center\",\"padding\":\"xsmall\",\"animation\":\"slide-top-medium\",\"animation_delay\":true},\"children\":[{\"type\":\"row\",\"props\":{\"layout\":\"1-2,1-2\"},\"children\":[{\"type\":\"column\",\"props\":{\"image_position\":\"center-center\",\"media_overlay_gradient\":\"\",\"width_medium\":\"1-2\"},\"children\":[{\"type\":\"headline\",\"props\":{\"title_element\":\"h4\",\"title_style\":\"h4\",\"content\":\"<img class=\\\"alignnone size-full wp-image-311\\\" src=\\\"wp-content\\\/uploads\\\/01bullet_azul.png\\\" alt=\\\"\\\" width=\\\"12\\\" height=\\\"60\\\" \\\/> Producci\\u00f3n Sostenible\"}},{\"type\":\"text\",\"props\":{\"margin\":\"default\",\"column_breakpoint\":\"m\",\"content\":\"\n\n<p style=\\\"text-align: justify;\\\">En el Ecuador, el Ministerio de Agricultura y Ganader\\u00eda - MAG lleva adelante varias iniciativas encaminadas a la transformaci\\u00f3n de los sistemas de producci\\u00f3n. Entre estos destacan:<\\\/p>\\n\n\n<ul>\\n\n\n<li style=\\\"text-align: justify;\\\">El proyecto de Reconversi\\u00f3n Agroproductiva Sostenible de la Amazon\\u00eda enmarcado en la Agenda de Transformaci\\u00f3n Productiva Amaz\\u00f3nica (ATPA- MAGAP)<\\\/li>\\n\n\n<li style=\\\"text-align: justify;\\\">El Programa de Ganader\\u00eda Sostenible<\\\/li>\\n\n\n<li style=\\\"text-align: justify;\\\">El Programa de Reactivaci\\u00f3n del Cacao y la Caficultura<\\\/li>\\n\n\n<li style=\\\"text-align: justify;\\\">El Programa de Incentivos Forestales.<\\\/li>\\n<\\\/ul>\"}}]},{\"type\":\"column\",\"props\":{\"image_position\":\"center-center\",\"media_overlay_gradient\":\"\",\"width_medium\":\"1-2\"},\"children\":[{\"type\":\"html\",\"props\":{\"content\":\"[metaslider id=\\\"1578\\\"]\"}}]}]}]},{\"type\":\"section\",\"props\":{\"style\":\"muted\",\"width\":\"default\",\"vertical_align\":\"middle\",\"title_position\":\"top-left\",\"title_rotation\":\"left\",\"title_breakpoint\":\"xl\",\"image_position\":\"center-center\",\"css\":\".el-section {\\nbackground-color: #006099;}\",\"padding\":\"xsmall\",\"padding_remove_top\":false,\"padding_remove_bottom\":true},\"children\":[{\"type\":\"row\",\"children\":[{\"type\":\"column\",\"props\":{\"image_position\":\"center-center\",\"media_overlay_gradient\":\"\",\"width_medium\":\"\"},\"children\":[]}]}]},{\"type\":\"section\",\"props\":{\"style\":\"default\",\"width\":\"small\",\"vertical_align\":\"middle\",\"title_position\":\"top-left\",\"title_rotation\":\"left\",\"title_breakpoint\":\"xl\",\"image_position\":\"center-center\",\"image\":\"wp-content\\\/uploads\\\/obe_cafe.jpg\",\"media_overlay\":\"rgba(0, 0, 0, 0.58)\",\"animation\":\"slide-top-medium\",\"animation_delay\":true,\"image_effect\":\"parallax\",\"image_parallax_bgy_start\":\"350\",\"image_parallax_easing\":\"-1\",\"image_size\":\"cover\"},\"children\":[{\"type\":\"row\",\"children\":[{\"type\":\"column\",\"props\":{\"image_position\":\"center-center\",\"media_overlay_gradient\":\"\"},\"children\":[{\"type\":\"headline\",\"props\":{\"title_element\":\"h1\",\"content\":\"<img class=\\\"alignnone size-full wp-image-393\\\" src=\\\"wp-content\\\/uploads\\\/01bullet_blanca.png\\\" alt=\\\"\\\" width=\\\"12\\\" height=\\\"60\\\" \\\/> Objetivo\",\"title_style\":\"h4\",\"text_align\":\"center\",\"css\":\".el-element {color: #fff;}\"}},{\"type\":\"text\",\"props\":{\"margin\":\"default\",\"column_breakpoint\":\"m\",\"content\":\"\n\n<p style=\\\"text-align: center;\\\"><strong>Apoyar en la articulaci\\u00f3n de pol\\u00edticas y normativa legal intersectorial y entre diferentes niveles de gobierno para transversalizar el cambio clim\\u00e1tico y REDD+ en las pol\\u00edticas p\\u00fablicas nacionales, as\\u00ed como en los principales instrumentos de ordenamiento territorial a nivel de los GAD y de las comunidades, pueblos y nacionalidades ind\\u00edgenas.<\\\/strong><\\\/p>\",\"css\":\".el-element {color: #fff;}\",\"text_size\":\"large\"}}]}]}]},{\"type\":\"section\",\"props\":{\"style\":\"default\",\"width\":\"default\",\"vertical_align\":\"middle\",\"title_position\":\"top-left\",\"title_rotation\":\"left\",\"title_breakpoint\":\"xl\",\"image_position\":\"center-center\",\"padding\":\"xsmall\",\"animation\":\"slide-top-medium\",\"animation_delay\":true},\"children\":[{\"type\":\"row\",\"children\":[{\"type\":\"column\",\"props\":{\"image_position\":\"center-center\",\"media_overlay_gradient\":\"\"},\"children\":[{\"type\":\"headline\",\"props\":{\"title_element\":\"h4\",\"content\":\"<img class=\\\"alignnone size-full wp-image-311\\\" src=\\\"wp-content\\\/uploads\\\/01bullet_azul.png\\\" alt=\\\"\\\" width=\\\"12\\\" height=\\\"60\\\" \\\/>\\u00a0Medidas que se <strong>deben impulsar<\\\/strong>\",\"title_style\":\"h4\",\"text_align\":\"center\"}}]}]}]},{\"type\":\"section\",\"props\":{\"style\":\"default\",\"width\":\"large\",\"vertical_align\":\"middle\",\"title_position\":\"top-left\",\"title_rotation\":\"left\",\"title_breakpoint\":\"xl\",\"image_position\":\"center-center\",\"padding\":\"xsmall\",\"animation\":\"slide-top-medium\",\"animation_delay\":true},\"children\":[{\"type\":\"row\",\"props\":{\"layout\":\"1-2,1-2\"},\"children\":[{\"type\":\"column\",\"props\":{\"image_position\":\"center-center\",\"media_overlay_gradient\":\"\",\"width_medium\":\"1-2\"},\"children\":[{\"type\":\"panel\",\"props\":{\"link_text\":\"Read more\",\"title_hover_style\":\"reset\",\"title_element\":\"h3\",\"title_align\":\"top\",\"title_grid_width\":\"1-2\",\"title_grid_breakpoint\":\"m\",\"meta_style\":\"meta\",\"meta_align\":\"below-title\",\"content_column_breakpoint\":\"m\",\"icon_width\":80,\"image_align\":\"top\",\"image_grid_width\":\"1-2\",\"image_grid_breakpoint\":\"m\",\"image_svg_color\":\"emphasis\",\"link_style\":\"default\",\"margin\":\"default\",\"content\":\"\n\n<p style=\\\"text-align: justify;\\\">Se refiere a los cambios voluntarios para conseguir una producci\\u00f3n sostenible y libre de deforestaci\\u00f3n. Este proceso busca transformar las \\u00e1reas de monocultivos que han perdido productividad en el tiempo, que son susceptibles a riesgos ambientales (como plagas) y socioecon\\u00f3micos (como ca\\u00eddas de precio) y que no proveen de cobeneficios ambientales y sociales.<\\\/p>\\n\n\n<p style=\\\"text-align: justify;\\\">Tambie\\u0301n constituye una respuesta ante los riesgos de pe\\u0301rdida de cultivos y los efectos sobre el rendimiento debidos al cambio clima\\u0301tico.<\\\/p>\",\"image\":\"wp-content\\\/uploads\\\/ps_foto1.png\",\"panel_style\":\"card-secondary\",\"panel_card_image\":true,\"title\":\"Reconversi\\u00f3n productiva agropecuaria\",\"title_style\":\"h5\",\"title_font_family\":\"primary\",\"css\":\".el-element {background-color:#006099;}\\n.el-content {color: #fff;}\\n.el-title {text-align: center;\\n}\",\"title_decoration\":\"divider\",\"title_margin\":\"small\",\"content_margin\":\"small\",\"meta_element\":\"div\",\"image_width\":\"800\"}},{\"type\":\"panel\",\"props\":{\"link_text\":\"Read more\",\"title_hover_style\":\"reset\",\"title_element\":\"h3\",\"title_align\":\"top\",\"title_grid_width\":\"1-2\",\"title_grid_breakpoint\":\"m\",\"meta_style\":\"meta\",\"meta_align\":\"below-title\",\"content_column_breakpoint\":\"m\",\"icon_width\":80,\"image_align\":\"top\",\"image_grid_width\":\"1-2\",\"image_grid_breakpoint\":\"m\",\"image_svg_color\":\"emphasis\",\"link_style\":\"default\",\"margin\":\"default\",\"content\":\"\n\n<p style=\\\"text-align: justify;\\\">La trazabilidad y la certificaci\\u00f3n son instrumentos clave para incentivar las buenas pr\\u00e1cticas y la reducci\\u00f3n de la deforestaci\\u00f3n. La trazabilidad se refiere a los procesos preestablecidos que se llevan a cabo para determinar el recorrido del producto, desde su origen hasta su destino o consumidor final. La certificaci\\u00f3n es el procedimiento mediante el cual un organismo da una garant\\u00eda por escrito, de que un producto, un proceso o un servicio cumplen con requisitos de calidad espec\\u00edficos. Un ejemplo es la certificaci\\u00f3n RSPO para palma aceitera, la cual cuenta con un criterio espec\\u00edfico relacionado con la no deforestaci\\u00f3n.<\\\/p>\",\"image\":\"wp-content\\\/uploads\\\/ps_foto3.png\",\"panel_style\":\"card-secondary\",\"panel_card_image\":true,\"title\":\"Trazabilidad y certificaci\\u00f3n para productos libres de deforestaci\\u00f3n\",\"title_style\":\"h5\",\"title_font_family\":\"primary\",\"css\":\".el-element {background-color:#006099;}\\n.el-content {color: #fff;}\\n.el-title {text-align: center;\\n}\",\"title_decoration\":\"divider\",\"title_margin\":\"small\",\"content_margin\":\"small\",\"meta_element\":\"div\",\"image_width\":\"800\"}}]},{\"type\":\"column\",\"props\":{\"image_position\":\"center-center\",\"media_overlay_gradient\":\"\",\"width_medium\":\"1-2\"},\"children\":[{\"type\":\"panel\",\"props\":{\"link_text\":\"Read more\",\"title_hover_style\":\"reset\",\"title_element\":\"h3\",\"title_align\":\"top\",\"title_grid_width\":\"1-2\",\"title_grid_breakpoint\":\"m\",\"meta_style\":\"meta\",\"meta_align\":\"below-title\",\"content_column_breakpoint\":\"m\",\"icon_width\":80,\"image_align\":\"top\",\"image_grid_width\":\"1-2\",\"image_grid_breakpoint\":\"m\",\"image_svg_color\":\"emphasis\",\"link_style\":\"default\",\"margin\":\"default\",\"content\":\"\n\n<p style=\\\"text-align: justify;\\\">Son actividades agropecuarias, forestales y acu\\u00edcolas que incorporan buenas pr\\u00e1cticas en la mejora de la productividad y evitan o reducen la deforestaci\\u00f3n. Este proceso busca introducir cambios tecnol\\u00f3gicos en sistemas productivos existentes para que sean m\\u00e1s sostenibles en el tiempo, evitando la p\\u00e9rdida de suelo y de otros factores clave para la productividad. Una mejor productividad en las \\u00e1reas deforestadas evitar\\u00e1 que m\\u00e1s bosques sean talados para la instalaci\\u00f3n de nuevos cultivos, plantaciones o piscinas acu\\u00edcolas.<\\\/p>\",\"image\":\"wp-content\\\/uploads\\\/ps_foto2.png\",\"panel_style\":\"card-secondary\",\"panel_card_image\":true,\"title\":\"Mejora de la productividad y fomento de la adopci\\u00f3n de buenas pr\\u00e1cticas\",\"title_style\":\"h5\",\"title_font_family\":\"primary\",\"css\":\".el-element {background-color:#006099;}\\n.el-content {color: #fff;}\\n.el-title {text-align: center;\\n}\",\"title_decoration\":\"divider\",\"title_margin\":\"small\",\"content_margin\":\"small\",\"meta_element\":\"div\",\"image_width\":\"800\"}},{\"type\":\"panel\",\"props\":{\"link_text\":\"Read more\",\"title_hover_style\":\"reset\",\"title_element\":\"h3\",\"title_align\":\"top\",\"title_grid_width\":\"1-2\",\"title_grid_breakpoint\":\"m\",\"meta_style\":\"meta\",\"meta_align\":\"below-title\",\"content_column_breakpoint\":\"m\",\"icon_width\":80,\"image_align\":\"top\",\"image_grid_width\":\"1-2\",\"image_grid_breakpoint\":\"m\",\"image_svg_color\":\"emphasis\",\"link_style\":\"default\",\"margin\":\"default\",\"content\":\"\n\n<p style=\\\"text-align: justify;\\\">Se enfocan directamente en quienes compran para que prefieran productos que cumplen con ciertos requisitos y est\\u00e1ndares de sostenibilidad social y ambiental en su producci\\u00f3n. Es posible generar impactos importantes en la reducci\\u00f3n de la deforestaci\\u00f3n si las medidas de reconversi\\u00f3n productiva agropecuaria, forestal y acu\\u00edcola y las mejores pr\\u00e1cticas se acompa\\u00f1an de acciones orientadas a: <strong>a)<\\\/strong> fomentar las compras responsables de los productos certificados y con trazabilidad, en el sector p\\u00fablico y privado; <strong>b)<\\\/strong> asegurar oportunidades de mercados nacionales e internacionales, <strong>c)<\\\/strong> integrar los productores dentro de una cadena de valor.<\\\/p>\",\"image\":\"wp-content\\\/uploads\\\/ps_foto4.png\",\"panel_style\":\"card-secondary\",\"panel_card_image\":true,\"title\":\"Compras responsables y aseguramiento de mercados e integraci\\u00f3n a cadenas de valor\",\"title_style\":\"h5\",\"title_font_family\":\"primary\",\"css\":\".el-element {background-color:#006099;}\\n.el-content {color: #fff;}\\n.el-title {text-align: center;\\n}\",\"title_decoration\":\"divider\",\"title_margin\":\"small\",\"content_margin\":\"small\",\"meta_element\":\"div\",\"image_width\":\"800\"}}]}]}]}],\"version\":\"2.2.5\"} --><\/p>\n","protected":false},"excerpt":{"rendered":"<p>Producci\u00f3n Sostenible En el Ecuador, el Ministerio de Agricultura y Ganader\u00eda &#8211; MAG lleva adelante varias iniciativas encaminadas a la transformaci\u00f3n de los sistemas de producci\u00f3n. Entre estos destacan: El proyecto de Reconversi\u00f3n Agroproductiva Sostenible de la Amazon\u00eda enmarcado en la Agenda de Transformaci\u00f3n Productiva Amaz\u00f3nica (ATPA- MAGAP) El Programa de Ganader\u00eda Sostenible El Programa [&hellip;]<\/p>\n","protected":false},"author":1,"featured_media":0,"parent":560,"menu_order":0,"comment_status":"closed","ping_status":"closed","template":"","meta":{"_monsterinsights_skip_tracking":false,"_monsterinsights_sitenote_active":false,"_monsterinsights_sitenote_note":"","_monsterinsights_sitenote_category":0,"footnotes":""},"class_list":["post-564","page","type-page","status-publish","hentry"],"_links":{"self":[{"href":"https:\/\/reddecuador.ambiente.gob.ec\/redd\/index.php?rest_route=\/wp\/v2\/pages\/564","targetHints":{"allow":["GET"]}}],"collection":[{"href":"https:\/\/reddecuador.ambiente.gob.ec\/redd\/index.php?rest_route=\/wp\/v2\/pages"}],"about":[{"href":"https:\/\/reddecuador.ambiente.gob.ec\/redd\/index.php?rest_route=\/wp\/v2\/types\/page"}],"author":[{"embeddable":true,"href":"https:\/\/reddecuador.ambiente.gob.ec\/redd\/index.php?rest_route=\/wp\/v2\/users\/1"}],"replies":[{"embeddable":true,"href":"https:\/\/reddecuador.ambiente.gob.ec\/redd\/index.php?rest_route=%2Fwp%2Fv2%2Fcomments&post=564"}],"version-history":[{"count":31,"href":"https:\/\/reddecuador.ambiente.gob.ec\/redd\/index.php?rest_route=\/wp\/v2\/pages\/564\/revisions"}],"predecessor-version":[{"id":1628,"href":"https:\/\/reddecuador.ambiente.gob.ec\/redd\/index.php?rest_route=\/wp\/v2\/pages\/564\/revisions\/1628"}],"up":[{"embeddable":true,"href":"https:\/\/reddecuador.ambiente.gob.ec\/redd\/index.php?rest_route=\/wp\/v2\/pages\/560"}],"wp:attachment":[{"href":"https:\/\/reddecuador.ambiente.gob.ec\/redd\/index.php?rest_route=%2Fwp%2Fv2%2Fmedia&parent=564"}],"curies":[{"name":"wp","href":"https:\/\/api.w.org\/{rel}","templated":true}]}}