{"id":566,"date":"2020-07-10T21:40:43","date_gmt":"2020-07-10T21:40:43","guid":{"rendered":"http:\/\/www.geekecuador.com\/redd\/?page_id=566"},"modified":"2022-07-25T20:47:15","modified_gmt":"2022-07-25T20:47:15","slug":"conservacion-y-mfs","status":"publish","type":"page","link":"https:\/\/reddecuador.ambiente.gob.ec\/redd\/?page_id=566","title":{"rendered":"Conservaci\u00f3n y MFS"},"content":{"rendered":"<h4><img loading=\"lazy\" decoding=\"async\" class=\"alignnone size-full wp-image-665\" src=\"\/redd\/wp-content\/uploads\/01bullet_verde.png\" alt=\"\" width=\"12\" height=\"60\" \/> Manejo Forestal Sostenible<\/h4>\n<div>\n<p style=\"text-align: justify;\">Este componente busca mejorar el manejo forestal para que sea sostenible. Los bosques son reservas de carbono y proveen de diversos recursos y beneficios, por lo que deben ser conservados. El reto es que se creen alternativas econ\u00f3micas con base en ellos, que incrementen su valor, y, por ende, reduzcan el costo de oportunidad ante otras posibilidades de usos.<\/p>\n<p style=\"text-align: justify;\">Para dar sostenibilidad a los procesos productivos en el sector forestal es fundamental:<\/p>\n<ul>\n<li style=\"text-align: justify;\">Una diversificaci\u00f3n informada de la oferta forestal<\/li>\n<li style=\"text-align: justify;\">El fortalecimiento del capital social productivo y financiero de las organizaciones comunitarias y de sus capacidades t\u00e9cnicas para el manejo sostenible de sus bosques<\/li>\n<li style=\"text-align: justify;\">Una mejor gobernanza del patrimonio natural.<\/li>\n<\/ul>\n<\/div>\n<div>\n<div id=\"metaslider-id-866\" style=\"width: 100%;\" class=\"ml-slider-3-102-0 metaslider metaslider-flex metaslider-866 ml-slider ms-theme-default nav-hidden\" role=\"region\" aria-label=\"Nueva presentaci\u00f3n de diapositivas\" data-height=\"357\" data-width=\"600\">\n    <div id=\"metaslider_container_866\">\n        <div id=\"metaslider_866\">\n            <ul class='slides'>\n                <li style=\"display: block; width: 100%;\" class=\"slide-870 ms-image \" aria-roledescription=\"slide\" data-date=\"2020-08-10 03:08:20\" data-slide-type=\"image\"><img loading=\"lazy\" decoding=\"async\" src=\"https:\/\/reddecuador.ambiente.gob.ec\/redd\/wp-content\/uploads\/nr3-600x357.jpg\" height=\"357\" width=\"600\" alt=\"\" class=\"slider-866 slide-870 msDefaultImage\" title=\"nr3\" \/><\/li>\n                <li style=\"display: none; width: 100%;\" class=\"slide-871 ms-image \" aria-roledescription=\"slide\" data-date=\"2020-08-10 03:08:28\" data-slide-type=\"image\"><img loading=\"lazy\" decoding=\"async\" src=\"https:\/\/reddecuador.ambiente.gob.ec\/redd\/wp-content\/uploads\/nf2-600x357.jpg\" height=\"357\" width=\"600\" alt=\"\" class=\"slider-866 slide-871 msDefaultImage\" title=\"nf2\" \/><\/li>\n                <li style=\"display: none; width: 100%;\" class=\"slide-872 ms-image \" aria-roledescription=\"slide\" data-date=\"2020-08-10 03:08:32\" data-slide-type=\"image\"><img loading=\"lazy\" decoding=\"async\" src=\"https:\/\/reddecuador.ambiente.gob.ec\/redd\/wp-content\/uploads\/nf1-600x357.jpg\" height=\"357\" width=\"600\" alt=\"\" class=\"slider-866 slide-872 msDefaultImage\" title=\"nf1\" \/><\/li>\n            <\/ul>\n        <\/div>\n        \n    <\/div>\n<\/div><\/div>\n<h1><img loading=\"lazy\" decoding=\"async\" class=\"alignnone size-full wp-image-393\" src=\"\/redd\/wp-content\/uploads\/01bullet_blanca.png\" alt=\"\" width=\"12\" height=\"60\" \/> Objetivo<\/h1>\n<div>\n<p style=\"text-align: center;\"><strong>El objetivo del componente es aumentar la sostenibilidad de las \u00e1reas bajo manejo forestal e incrementar las iniciativas de aprovechamiento de Productos Forestales No Maderables &#8211; PFNM.<\/strong><\/p>\n<\/div>\n<h4><img loading=\"lazy\" decoding=\"async\" class=\"alignnone size-full wp-image-665\" src=\"\/redd\/wp-content\/uploads\/01bullet_verde.png\" alt=\"\" width=\"12\" height=\"60\" \/>\u00a0Medidas que se <strong>deben impulsar<\/strong><\/h4>\n<div>\n<p>        <img decoding=\"async\" src=\"\/redd\/wp-content\/uploads\/interinstirucional_acc.jpg\" alt=\"\"><\/p>\n<h3>Mejora de las pr\u00e1cticas en el manejo forestal<\/h3>\n<div>\n<p style=\"text-align: justify;\">Esta medida busca fortalecer el Manejo Forestal Sostenible impulsado por la Direcci\u00f3n Forestal y el Programa Nacional de Incentivos para la Conservaci\u00f3n y Uso Sostenible del Patrimonio Natural, incluyendo las acciones establecidas por la Estrategia de Biodiversidad y la Pol\u00edtica de Gobernanza del Patrimonio Natural.<\/p>\n<p style=\"text-align: justify;\">Desarrollar planes de manejo integral con un enfoque de aprovechamiento rotacional por \u00e1reas del bosque para peque\u00f1os y grandes productores, incluyendo un manejo comunitario que asegure la no degradaci\u00f3n forestal.<\/p>\n<\/div>\n<\/div>\n<div>\n<p>        <img decoding=\"async\" src=\"\/redd\/wp-content\/uploads\/agricola.jpg\" alt=\"\"><\/p>\n<h3>Fomento de la trazabilidad, la certificaci\u00f3n y las compras responsables p\u00fablicas y privadas<\/h3>\n<div>\n<p style=\"text-align: justify;\">La trazabilidad, la certificaci\u00f3n y las compras responsables son instrumentos clave para incentivar las buenas pr\u00e1cticas y la reducci\u00f3n de la deforestaci\u00f3n desde la comercializaci\u00f3n y la demanda.<\/p>\n<p style=\"text-align: justify;\">El MAATE ha desarrollado el Sistema Nacional de Trazabilidad Forestal y Certificaci\u00f3n de madera de procedencia legal para reducir sustancialmente el comercio ilegal en el pa\u00eds, fortalecer el sistema de control forestal y el manejo sostenible de los bosques nativos y plantaciones del pa\u00eds.<\/p>\n<\/div>\n<\/div>\n<p><!--more--><br \/>\n<!-- {\"name\":\"base2\",\"type\":\"layout\",\"children\":[{\"type\":\"section\",\"props\":{\"style\":\"muted\",\"width\":\"default\",\"vertical_align\":\"middle\",\"title_position\":\"top-left\",\"title_rotation\":\"left\",\"title_breakpoint\":\"xl\",\"image_position\":\"center-center\",\"padding\":\"xsmall\",\"animation\":\"slide-top-medium\",\"animation_delay\":\"200\"},\"children\":[{\"type\":\"row\",\"props\":{\"layout\":\"1-2,1-2\"},\"children\":[{\"type\":\"column\",\"props\":{\"image_position\":\"center-center\",\"media_overlay_gradient\":\"\",\"width_medium\":\"1-2\"},\"children\":[{\"type\":\"headline\",\"props\":{\"title_element\":\"h4\",\"title_style\":\"h4\",\"content\":\"<img class=\\\"alignnone size-full wp-image-665\\\" src=\\\"wp-content\\\/uploads\\\/01bullet_verde.png\\\" alt=\\\"\\\" width=\\\"12\\\" height=\\\"60\\\" \\\/> Manejo Forestal Sostenible\"}},{\"type\":\"text\",\"props\":{\"margin\":\"default\",\"column_breakpoint\":\"m\",\"content\":\"\n\n<p style=\\\"text-align: justify;\\\">Este componente busca mejorar el manejo forestal para que sea sostenible. Los bosques son reservas de carbono y proveen de diversos recursos y beneficios, por lo que deben ser conservados. El reto es que se creen alternativas econ\\u00f3micas con base en ellos, que incrementen su valor, y, por ende, reduzcan el costo de oportunidad ante otras posibilidades de usos.<\\\/p>\\n\n\n<p style=\\\"text-align: justify;\\\">Para dar sostenibilidad a los procesos productivos en el sector forestal es fundamental:<\\\/p>\\n\n\n<ul>\\n\n\n<li style=\\\"text-align: justify;\\\">Una diversificaci\\u00f3n informada de la oferta forestal<\\\/li>\\n\n\n<li style=\\\"text-align: justify;\\\">El fortalecimiento del capital social productivo y financiero de las organizaciones comunitarias y de sus capacidades t\\u00e9cnicas para el manejo sostenible de sus bosques<\\\/li>\\n\n\n<li style=\\\"text-align: justify;\\\">Una mejor gobernanza del patrimonio natural.<\\\/li>\\n<\\\/ul>\"}}]},{\"type\":\"column\",\"props\":{\"image_position\":\"center-center\",\"media_overlay_gradient\":\"\",\"width_medium\":\"1-2\",\"vertical_align\":\"middle\"},\"children\":[{\"type\":\"html\",\"props\":{\"content\":\"[metaslider id=\\\"866\\\"]\"}}]}]}]},{\"type\":\"section\",\"props\":{\"style\":\"muted\",\"width\":\"default\",\"vertical_align\":\"middle\",\"title_position\":\"top-left\",\"title_rotation\":\"left\",\"title_breakpoint\":\"xl\",\"image_position\":\"center-center\",\"css\":\".el-section {\\nbackground-color: #708A2D;}\",\"padding\":\"xsmall\",\"padding_remove_top\":false,\"padding_remove_bottom\":true},\"children\":[{\"type\":\"row\",\"children\":[{\"type\":\"column\",\"props\":{\"image_position\":\"center-center\",\"media_overlay_gradient\":\"\",\"width_medium\":\"\"},\"children\":[]}]}]},{\"type\":\"section\",\"props\":{\"style\":\"default\",\"width\":\"small\",\"vertical_align\":\"middle\",\"title_position\":\"top-left\",\"title_rotation\":\"left\",\"title_breakpoint\":\"xl\",\"image_position\":\"center-center\",\"image\":\"wp-content\\\/uploads\\\/obje_restauracion.jpg\",\"media_overlay\":\"rgba(0, 0, 0, 0.17)\",\"animation\":\"slide-top-medium\",\"animation_delay\":\"200\",\"image_effect\":\"parallax\",\"image_parallax_bgy_start\":\"350\",\"image_parallax_easing\":\"-0.4\",\"image_size\":\"cover\"},\"children\":[{\"type\":\"row\",\"children\":[{\"type\":\"column\",\"props\":{\"image_position\":\"center-center\",\"media_overlay_gradient\":\"\"},\"children\":[{\"type\":\"headline\",\"props\":{\"title_element\":\"h1\",\"content\":\"<img class=\\\"alignnone size-full wp-image-393\\\" src=\\\"wp-content\\\/uploads\\\/01bullet_blanca.png\\\" alt=\\\"\\\" width=\\\"12\\\" height=\\\"60\\\" \\\/> Objetivo\",\"title_style\":\"h4\",\"text_align\":\"center\",\"css\":\".el-element {color: #fff;}\"}},{\"type\":\"text\",\"props\":{\"margin\":\"default\",\"column_breakpoint\":\"m\",\"content\":\"\n\n<p style=\\\"text-align: center;\\\"><strong>El objetivo del componente es aumentar la sostenibilidad de las \\u00e1reas bajo manejo forestal e incrementar las iniciativas de aprovechamiento de Productos Forestales No Maderables - PFNM.<\\\/strong><\\\/p>\",\"css\":\".el-element {color: #fff;}\",\"text_size\":\"large\"}}]}]}]},{\"type\":\"section\",\"props\":{\"style\":\"default\",\"width\":\"default\",\"vertical_align\":\"middle\",\"title_position\":\"top-left\",\"title_rotation\":\"left\",\"title_breakpoint\":\"xl\",\"image_position\":\"center-center\",\"padding\":\"xsmall\",\"animation\":\"slide-top-medium\",\"animation_delay\":\"200\"},\"children\":[{\"type\":\"row\",\"children\":[{\"type\":\"column\",\"props\":{\"image_position\":\"center-center\",\"media_overlay_gradient\":\"\"},\"children\":[{\"type\":\"headline\",\"props\":{\"title_element\":\"h4\",\"content\":\"<img class=\\\"alignnone size-full wp-image-665\\\" src=\\\"wp-content\\\/uploads\\\/01bullet_verde.png\\\" alt=\\\"\\\" width=\\\"12\\\" height=\\\"60\\\" \\\/>\\u00a0Medidas que se <strong>deben impulsar<\\\/strong>\",\"title_style\":\"h4\",\"text_align\":\"center\"}}]}]}]},{\"type\":\"section\",\"props\":{\"style\":\"default\",\"width\":\"large\",\"vertical_align\":\"middle\",\"title_position\":\"top-left\",\"title_rotation\":\"left\",\"title_breakpoint\":\"xl\",\"image_position\":\"center-center\",\"padding\":\"xsmall\",\"animation\":\"slide-top-medium\",\"animation_delay\":\"200\"},\"children\":[{\"type\":\"row\",\"props\":{\"layout\":\"1-2,1-2\"},\"children\":[{\"type\":\"column\",\"props\":{\"image_position\":\"center-center\",\"media_overlay_gradient\":\"\",\"width_medium\":\"1-2\"},\"children\":[{\"type\":\"panel\",\"props\":{\"link_text\":\"Read more\",\"title_hover_style\":\"reset\",\"title_element\":\"h3\",\"title_align\":\"top\",\"title_grid_width\":\"1-2\",\"title_grid_breakpoint\":\"m\",\"meta_style\":\"meta\",\"meta_align\":\"below-title\",\"content_column_breakpoint\":\"m\",\"icon_width\":80,\"image_align\":\"top\",\"image_grid_width\":\"1-2\",\"image_grid_breakpoint\":\"m\",\"image_svg_color\":\"emphasis\",\"link_style\":\"default\",\"margin\":\"default\",\"content\":\"\n\n<p style=\\\"text-align: justify;\\\">Esta medida busca fortalecer el Manejo Forestal Sostenible impulsado por la Direcci\\u00f3n Forestal y el Programa Nacional de Incentivos para la Conservaci\\u00f3n y Uso Sostenible del Patrimonio Natural, incluyendo las acciones establecidas por la Estrategia de Biodiversidad y la Pol\\u00edtica de Gobernanza del Patrimonio Natural.<\\\/p>\\n\n\n<p style=\\\"text-align: justify;\\\">Desarrollar planes de manejo integral con un enfoque de aprovechamiento rotacional por \\u00e1reas del bosque para peque\\u00f1os y grandes productores, incluyendo un manejo comunitario que asegure la no degradaci\\u00f3n forestal.<\\\/p>\",\"image\":\"wp-content\\\/uploads\\\/interinstirucional_acc.jpg\",\"panel_style\":\"card-secondary\",\"panel_card_image\":true,\"title\":\"Mejora de las pr\\u00e1cticas en el manejo forestal\",\"title_style\":\"h5\",\"title_font_family\":\"primary\",\"css\":\".el-element {background-color:#708A2D;}\\n.el-content {color: #fff;}\\n.el-title {text-align: center;\\n}\",\"title_decoration\":\"divider\",\"title_margin\":\"small\",\"content_margin\":\"small\",\"meta_element\":\"div\"}}]},{\"type\":\"column\",\"props\":{\"image_position\":\"center-center\",\"media_overlay_gradient\":\"\",\"width_medium\":\"1-2\"},\"children\":[{\"type\":\"panel\",\"props\":{\"link_text\":\"Read more\",\"title_hover_style\":\"reset\",\"title_element\":\"h3\",\"title_align\":\"top\",\"title_grid_width\":\"1-2\",\"title_grid_breakpoint\":\"m\",\"meta_style\":\"meta\",\"meta_align\":\"below-title\",\"content_column_breakpoint\":\"m\",\"icon_width\":80,\"image_align\":\"top\",\"image_grid_width\":\"1-2\",\"image_grid_breakpoint\":\"m\",\"image_svg_color\":\"emphasis\",\"link_style\":\"default\",\"margin\":\"default\",\"content\":\"\n\n<p style=\\\"text-align: justify;\\\">La trazabilidad, la certificaci\\u00f3n y las compras responsables son instrumentos clave para incentivar las buenas pr\\u00e1cticas y la reducci\\u00f3n de la deforestaci\\u00f3n desde la comercializaci\\u00f3n y la demanda.<\\\/p>\\n\n\n<p style=\\\"text-align: justify;\\\">El MAATE ha desarrollado el Sistema Nacional de Trazabilidad Forestal y Certificaci\\u00f3n de madera de procedencia legal para reducir sustancialmente el comercio ilegal en el pa\\u00eds, fortalecer el sistema de control forestal y el manejo sostenible de los bosques nativos y plantaciones del pa\\u00eds.<\\\/p>\",\"image\":\"wp-content\\\/uploads\\\/agricola.jpg\",\"panel_style\":\"card-secondary\",\"panel_card_image\":true,\"title\":\"Fomento de la trazabilidad, la certificaci\\u00f3n y las compras responsables p\\u00fablicas y privadas\",\"title_style\":\"h5\",\"title_font_family\":\"primary\",\"css\":\".el-element {background-color:#708A2D;}\\n.el-content {color: #fff;}\\n.el-title {text-align: center;\\n}\",\"title_decoration\":\"divider\",\"title_margin\":\"small\",\"content_margin\":\"small\",\"meta_element\":\"div\"}}]}]}]}],\"version\":\"2.4.16\"} --><\/p>\n","protected":false},"excerpt":{"rendered":"<p>Manejo Forestal Sostenible Este componente busca mejorar el manejo forestal para que sea sostenible. Los bosques son reservas de carbono y proveen de diversos recursos y beneficios, por lo que deben ser conservados. El reto es que se creen alternativas econ\u00f3micas con base en ellos, que incrementen su valor, y, por ende, reduzcan el costo [&hellip;]<\/p>\n","protected":false},"author":1,"featured_media":0,"parent":560,"menu_order":0,"comment_status":"closed","ping_status":"closed","template":"","meta":{"_monsterinsights_skip_tracking":false,"_monsterinsights_sitenote_active":false,"_monsterinsights_sitenote_note":"","_monsterinsights_sitenote_category":0,"footnotes":""},"class_list":["post-566","page","type-page","status-publish","hentry"],"_links":{"self":[{"href":"https:\/\/reddecuador.ambiente.gob.ec\/redd\/index.php?rest_route=\/wp\/v2\/pages\/566","targetHints":{"allow":["GET"]}}],"collection":[{"href":"https:\/\/reddecuador.ambiente.gob.ec\/redd\/index.php?rest_route=\/wp\/v2\/pages"}],"about":[{"href":"https:\/\/reddecuador.ambiente.gob.ec\/redd\/index.php?rest_route=\/wp\/v2\/types\/page"}],"author":[{"embeddable":true,"href":"https:\/\/reddecuador.ambiente.gob.ec\/redd\/index.php?rest_route=\/wp\/v2\/users\/1"}],"replies":[{"embeddable":true,"href":"https:\/\/reddecuador.ambiente.gob.ec\/redd\/index.php?rest_route=%2Fwp%2Fv2%2Fcomments&post=566"}],"version-history":[{"count":27,"href":"https:\/\/reddecuador.ambiente.gob.ec\/redd\/index.php?rest_route=\/wp\/v2\/pages\/566\/revisions"}],"predecessor-version":[{"id":2308,"href":"https:\/\/reddecuador.ambiente.gob.ec\/redd\/index.php?rest_route=\/wp\/v2\/pages\/566\/revisions\/2308"}],"up":[{"embeddable":true,"href":"https:\/\/reddecuador.ambiente.gob.ec\/redd\/index.php?rest_route=\/wp\/v2\/pages\/560"}],"wp:attachment":[{"href":"https:\/\/reddecuador.ambiente.gob.ec\/redd\/index.php?rest_route=%2Fwp%2Fv2%2Fmedia&parent=566"}],"curies":[{"name":"wp","href":"https:\/\/api.w.org\/{rel}","templated":true}]}}