{"id":907,"date":"2020-08-10T03:57:32","date_gmt":"2020-08-10T03:57:32","guid":{"rendered":"http:\/\/www.geekecuador.com\/redd\/?page_id=907"},"modified":"2024-07-22T20:28:29","modified_gmt":"2024-07-22T20:28:29","slug":"sistema-de-informacion-de-salvaguardas-sis","status":"publish","type":"page","link":"https:\/\/reddecuador.ambiente.gob.ec\/redd\/?page_id=907","title":{"rendered":"Sistema de Informaci\u00f3n de Salvaguardas &#8211; SIS"},"content":{"rendered":"<h4>\n<p><img loading=\"lazy\" decoding=\"async\" class=\"alignnone size-full wp-image-393\" src=\"\/redd\/wp-content\/uploads\/01bullet_blanca.png\" alt=\"\" width=\"12\" height=\"60\" \/> Sistema de Informaci\u00f3n de Salvaguardas &#8211; SIS<\/p>\n<p><\/h4>\n<div>\n<p style=\"text-align: justify;\"><strong>El Sistema de Informaci\u00f3n de Salvaguardas (SIS)<\/strong> es una herramienta inform\u00e1tica fundamental del PA REDD+ que brinda soporte a la gesti\u00f3n de las Salvaguardas a nivel nacional, as\u00ed como, el reporte, seguimiento y acceso a la informaci\u00f3n asociada a la implementaci\u00f3n de las medidas y acciones REDD+ vinculado con los 7 ejes principales de las Salvaguardas de Canc\u00fan, interpretadas por el Ecuador en su Alcance Nacional de Salvaguardas.<\/p>\n<\/div>\n<h1><span style=\"color: #ff6600;\"><strong><br \/>El SIS incluye informaci\u00f3n sobre:<\/strong><\/span><\/h1>\n<ul>\n<li>\n<div>\n<p style=\"text-align: justify;\">Respeto a los derechos individuales y colectivos de las personas<\/p>\n<\/div>\n<\/li>\n<li>\n<div>\n<p style=\"text-align: justify;\">Transparencia y Eficacia de REDD+<\/p>\n<\/div>\n<\/li>\n<li>\n<div>\n<p style=\"text-align: justify;\">Participaci\u00f3n de actores clave para REDD+<\/p>\n<\/div>\n<\/li>\n<li>\n<div>\n<p style=\"text-align: justify;\">Equidad de g\u00e9nero en la implementaci\u00f3n de REDD+<\/p>\n<\/div>\n<\/li>\n<\/ul>\n<div>\n<p style=\"text-align: justify;\">El SIS, es uno de los cuatro pilares fundamentales de REDD+, definidos en la COP 19 en el a\u00f1o 2013 en la ciudad de Varsovia. El Marco de Varsovia establece los lineamientos para medir, reportar y verificar las reducciones de emisiones derivadas de actividades REDD+ y las reglas para acceder a pagos por resultados.\u00a0<\/p>\n<\/div>\n<div>\n<p><span>La importancia del SIS, entonces, se encuentra en los ejes de monitoreo, reporte y acceso a la informaci\u00f3n vinculados al respeto de las salvaguardas ambientales y sociales de las iniciativas REDD+ a nivel nacional, pero adem\u00e1s est\u00e1 asociada al cumplimiento de requisitos necesarios para el acceso a financiamiento clim\u00e1tico.\u00a0 <\/span><\/p>\n<p style=\"text-align: justify;\">Las principales funciones del Sistema de Informaci\u00f3n de Salvaguardas son: recopilar y organizar la informaci\u00f3n relacionada con el abordaje y respeto de las salvaguardas REDD+ a nivel nacional; presentar la informaci\u00f3n de manera atractiva, intuitiva y \u00fatil tanto a tomadores de decisiones como p\u00fablico interesado en la materia; y facilitar la generaci\u00f3n de los reportes de Salvaguardas a ser presentados a la CMNUCC.<\/p>\n<\/div>\n<h1><span style=\"color: #993300;\"><strong>Este sistema cuenta con informaci\u00f3n vinculada con las acciones espec\u00edficas que el pa\u00eds implementa para garantizar la coherencia de las actividades REDD+ con el marco jur\u00eddico nacional e internacional, la transparencia y eficacia de REDD+ en el pa\u00eds, el respeto a los derechos colectivos de los pueblos y nacionalidades ind\u00edgenas, la participaci\u00f3n plena y efectiva de las partes y las medidas que promueven la conservaci\u00f3n de los bosques naturales del Ecuador.<\/strong><\/span><\/h1>\n<hr>\n<div>\n<p>En este momento nos encontramos en el desarrollo del SIS que se encuentra aloja en el Sistema de Gesti\u00f3n de Medidas y Acciones REDD+<\/p>\n<\/p>\n<\/div>\n<p>\n    <a href=\"http:\/\/52.3.11.105:8080\/sigma-web\/\">Ir al SIS<\/a>\n<\/p>\n<div>\n<p>.<\/p>\n<\/div>\n<p><!--more--><br \/>\n<!-- {\"children\":[{\"name\":\"Hero\",\"type\":\"section\",\"props\":{\"style\":\"default\",\"width\":\"\",\"vertical_align\":\"\",\"title_position\":\"top-left\",\"title_rotation\":\"left\",\"title_breakpoint\":\"xl\",\"image_position\":\"center-center\",\"padding_remove_top\":true,\"padding\":\"none\",\"image\":\"wp-content\\\/uploads\\\/foto_ama.jpg\",\"media_overlay\":\"rgba(0, 0, 0, 0.34)\",\"image_parallax_easing\":\"0\",\"media_blend_mode\":\"overlay\",\"animation\":\"slide-top-medium\",\"animation_delay\":\"200\",\"image_size\":\"cover\"},\"children\":[{\"name\":\"\",\"type\":\"row\",\"children\":[{\"name\":\"\",\"type\":\"column\",\"props\":{\"image_position\":\"center-center\",\"media_overlay_gradient\":\"\",\"width_medium\":\"1-1\"},\"children\":[{\"type\":\"headline\",\"props\":{\"title_element\":\"h4\",\"text_align\":\"center\",\"title_style\":\"h4\",\"title_font_family\":\"primary\",\"css\":\".el-element {color: #fff;}\",\"content\":\"<br \\\/><br \\\/><img class=\\\"alignnone size-full wp-image-393\\\" src=\\\"wp-content\\\/uploads\\\/01bullet_blanca.png\\\" alt=\\\"\\\" width=\\\"12\\\" height=\\\"60\\\" \\\/> Sistema de Informaci\\u00f3n de Salvaguardas - SIS<br \\\/><br \\\/><br \\\/>\"}}]}]}]},{\"type\":\"section\",\"props\":{\"style\":\"secondary\",\"width\":\"default\",\"vertical_align\":\"middle\",\"title_position\":\"top-left\",\"title_rotation\":\"left\",\"title_breakpoint\":\"xl\",\"image_position\":\"center-center\",\"preserve_color\":false,\"overlap\":false,\"padding_remove_bottom\":true,\"padding\":\"xsmall\",\"css\":\".el-section {background-color:#E04403;}\"},\"children\":[{\"type\":\"row\",\"children\":[{\"type\":\"column\",\"props\":{\"image_position\":\"center-center\",\"media_overlay_gradient\":\"\"},\"children\":[]}]}]},{\"name\":\"About\",\"type\":\"section\",\"props\":{\"style\":\"default\",\"width\":\"large\",\"vertical_align\":\"\",\"title_position\":\"top-left\",\"title_rotation\":\"left\",\"title_breakpoint\":\"xl\",\"image_position\":\"center-center\",\"padding\":\"small\",\"padding_remove_bottom\":false,\"padding_remove_top\":false,\"animation\":\"slide-top-medium\",\"animation_delay\":\"200\"},\"children\":[{\"name\":\"\",\"type\":\"row\",\"props\":{\"margin\":\"large\",\"layout\":\"1-2,1-2\",\"column_gap\":\"large\",\"divider\":true},\"children\":[{\"name\":\"\",\"type\":\"column\",\"props\":{\"image_position\":\"center-center\",\"media_overlay_gradient\":\"\",\"width_medium\":\"1-2\"},\"children\":[{\"name\":\"\",\"type\":\"text\",\"props\":{\"margin\":\"\",\"column_breakpoint\":\"m\",\"content\":\"\n\n<p style=\\\"text-align: justify;\\\"><strong>El Sistema de Informaci\\u00f3n de Salvaguardas (SIS)<\\\/strong> es una herramienta inform\\u00e1tica fundamental del PA REDD+ que brinda soporte a la gesti\\u00f3n de las Salvaguardas a nivel nacional, as\\u00ed como, el reporte, seguimiento y acceso a la informaci\\u00f3n asociada a la implementaci\\u00f3n de las medidas y acciones REDD+ vinculado con los 7 ejes principales de las Salvaguardas de Canc\\u00fan, interpretadas por el Ecuador en su Alcance Nacional de Salvaguardas.<\\\/p>\",\"column_divider\":false}},{\"type\":\"headline\",\"props\":{\"title_element\":\"h1\",\"content\":\"<span style=\\\"color: #ff6600;\\\"><strong><br \\\/>El SIS incluye informaci\\u00f3n sobre:<\\\/strong><\\\/span>\",\"title_style\":\"h5\",\"title_font_family\":\"primary\",\"text_align\":\"center\",\"margin_remove_top\":true}},{\"type\":\"list\",\"props\":{\"show_image\":true,\"show_link\":true,\"list_element\":\"ul\",\"column_breakpoint\":\"m\",\"image_svg_color\":\"emphasis\",\"image_align\":\"left\",\"image_vertical_align\":true},\"children\":[{\"type\":\"list_item\",\"props\":{\"content\":\"\n\n<p style=\\\"text-align: justify;\\\">Respeto a los derechos individuales y colectivos de las personas<\\\/p>\",\"icon\":\"check\"}},{\"type\":\"list_item\",\"props\":{\"content\":\"\n\n<p style=\\\"text-align: justify;\\\">Transparencia y Eficacia de REDD+<\\\/p>\",\"icon\":\"check\"}},{\"type\":\"list_item\",\"props\":{\"content\":\"\n\n<p style=\\\"text-align: justify;\\\">Participaci\\u00f3n de actores clave para REDD+<\\\/p>\",\"icon\":\"check\"}},{\"type\":\"list_item\",\"props\":{\"content\":\"\n\n<p style=\\\"text-align: justify;\\\">Equidad de g\\u00e9nero en la implementaci\\u00f3n de REDD+<\\\/p>\",\"icon\":\"check\"}}]},{\"name\":\"\",\"type\":\"text\",\"props\":{\"margin\":\"\",\"column_breakpoint\":\"m\",\"content\":\"\n\n<p style=\\\"text-align: justify;\\\">El SIS, es uno de los cuatro pilares fundamentales de REDD+, definidos en la COP 19 en el a\\u00f1o 2013 en la ciudad de Varsovia. El Marco de Varsovia establece los lineamientos para medir, reportar y verificar las reducciones de emisiones derivadas de actividades REDD+ y las reglas para acceder a pagos por resultados.\\u00a0<\\\/p>\",\"column_divider\":false}}]},{\"type\":\"column\",\"props\":{\"image_position\":\"center-center\",\"media_overlay_gradient\":\"\",\"width_medium\":\"1-2\"},\"children\":[{\"name\":\"\",\"type\":\"text\",\"props\":{\"margin\":\"\",\"column_breakpoint\":\"m\",\"content\":\"\n\n<p><span>La importancia del SIS, entonces, se encuentra en los ejes de monitoreo, reporte y acceso a la informaci\\u00f3n vinculados al respeto de las salvaguardas ambientales y sociales de las iniciativas REDD+ a nivel nacional, pero adem\\u00e1s est\\u00e1 asociada al cumplimiento de requisitos necesarios para el acceso a financiamiento clim\\u00e1tico.\\u00a0 <\\\/span><\\\/p>\\n\n\n<p style=\\\"text-align: justify;\\\">Las principales funciones del Sistema de Informaci\\u00f3n de Salvaguardas son: recopilar y organizar la informaci\\u00f3n relacionada con el abordaje y respeto de las salvaguardas REDD+ a nivel nacional; presentar la informaci\\u00f3n de manera atractiva, intuitiva y \\u00fatil tanto a tomadores de decisiones como p\\u00fablico interesado en la materia; y facilitar la generaci\\u00f3n de los reportes de Salvaguardas a ser presentados a la CMNUCC.<\\\/p>\",\"column_divider\":false}},{\"type\":\"headline\",\"props\":{\"title_element\":\"h1\",\"content\":\"<span style=\\\"color: #993300;\\\"><strong>Este sistema cuenta con informaci\\u00f3n vinculada con las acciones espec\\u00edficas que el pa\\u00eds implementa para garantizar la coherencia de las actividades REDD+ con el marco jur\\u00eddico nacional e internacional, la transparencia y eficacia de REDD+ en el pa\\u00eds, el respeto a los derechos colectivos de los pueblos y nacionalidades ind\\u00edgenas, la participaci\\u00f3n plena y efectiva de las partes y las medidas que promueven la conservaci\\u00f3n de los bosques naturales del Ecuador.<\\\/strong><\\\/span>\",\"title_style\":\"h5\",\"title_font_family\":\"primary\",\"text_align\":\"center\"}}]}]}]},{\"type\":\"section\",\"props\":{\"style\":\"default\",\"width\":\"large\",\"vertical_align\":\"middle\",\"title_position\":\"top-left\",\"title_rotation\":\"left\",\"title_breakpoint\":\"xl\",\"image_position\":\"center-center\",\"padding\":\"xsmall\",\"padding_remove_top\":true,\"animation\":\"slide-top-medium\",\"animation_delay\":\"200\"},\"children\":[{\"type\":\"row\",\"children\":[{\"type\":\"column\",\"props\":{\"image_position\":\"center-center\",\"media_overlay_gradient\":\"\"},\"children\":[{\"type\":\"divider\",\"props\":{\"divider_element\":\"hr\",\"divider_style\":\"icon\"}}]}]}]},{\"type\":\"section\",\"props\":{\"style\":\"default\",\"width\":\"large\",\"vertical_align\":\"middle\",\"title_position\":\"top-left\",\"title_rotation\":\"left\",\"title_breakpoint\":\"xl\",\"image_position\":\"center-center\",\"padding\":\"xsmall\",\"animation\":\"slide-top-medium\",\"animation_delay\":\"200\",\"image\":\"wp-content\\\/uploads\\\/nf2.jpg\",\"media_overlay\":\"rgba(0, 0, 0, 0.56)\",\"image_size\":\"cover\",\"image_effect\":\"parallax\",\"image_parallax_bgy_start\":\"-360\"},\"children\":[{\"type\":\"row\",\"children\":[{\"type\":\"column\",\"props\":{\"image_position\":\"center-center\",\"media_overlay_gradient\":\"\",\"width_medium\":\"\"},\"children\":[{\"type\":\"text\",\"props\":{\"margin\":\"default\",\"column_breakpoint\":\"m\",\"content\":\"\n\n<p><\\\/p>\\n\n\n<p>En este momento nos encontramos en el desarrollo del SIS que se encuentra aloja en el Sistema de Gesti\\u00f3n de Medidas y Acciones REDD+<\\\/p>\\n\n\n<p><\\\/p>\",\"text_align\":\"center\",\"text_style\":\"lead\",\"css\":\".el-element {color: #ffffff;}\"}},{\"type\":\"button\",\"props\":{\"grid_column_gap\":\"small\",\"grid_row_gap\":\"small\",\"margin\":\"default\",\"text_align\":\"center\",\"css\":\".el-content {color:#fff;}\"},\"children\":[{\"type\":\"button_item\",\"props\":{\"button_style\":\"default\",\"icon_align\":\"left\",\"icon\":\"forward\",\"content\":\"Ir al SIS\",\"link\":\"http:\\\/\\\/52.3.11.105:8080\\\/sigma-web\\\/\",\"link_target\":\"blank\"}}]},{\"type\":\"text\",\"props\":{\"margin\":\"default\",\"column_breakpoint\":\"m\",\"content\":\"\n\n<p>.<\\\/p>\"}}]}],\"props\":{\"row_gap\":\"collapse\"}}]}],\"version\":\"2.4.16\",\"type\":\"layout\"} --><\/p>\n","protected":false},"excerpt":{"rendered":"<p>Sistema de Informaci\u00f3n de Salvaguardas &#8211; SIS El Sistema de Informaci\u00f3n de Salvaguardas (SIS) es una herramienta inform\u00e1tica fundamental del PA REDD+ que brinda soporte a la gesti\u00f3n de las Salvaguardas a nivel nacional, as\u00ed como, el reporte, seguimiento y acceso a la informaci\u00f3n asociada a la implementaci\u00f3n de las medidas y acciones REDD+ vinculado [&hellip;]<\/p>\n","protected":false},"author":1,"featured_media":0,"parent":263,"menu_order":0,"comment_status":"closed","ping_status":"closed","template":"","meta":{"_monsterinsights_skip_tracking":false,"_monsterinsights_sitenote_active":false,"_monsterinsights_sitenote_note":"","_monsterinsights_sitenote_category":0,"footnotes":""},"class_list":["post-907","page","type-page","status-publish","hentry"],"_links":{"self":[{"href":"https:\/\/reddecuador.ambiente.gob.ec\/redd\/index.php?rest_route=\/wp\/v2\/pages\/907","targetHints":{"allow":["GET"]}}],"collection":[{"href":"https:\/\/reddecuador.ambiente.gob.ec\/redd\/index.php?rest_route=\/wp\/v2\/pages"}],"about":[{"href":"https:\/\/reddecuador.ambiente.gob.ec\/redd\/index.php?rest_route=\/wp\/v2\/types\/page"}],"author":[{"embeddable":true,"href":"https:\/\/reddecuador.ambiente.gob.ec\/redd\/index.php?rest_route=\/wp\/v2\/users\/1"}],"replies":[{"embeddable":true,"href":"https:\/\/reddecuador.ambiente.gob.ec\/redd\/index.php?rest_route=%2Fwp%2Fv2%2Fcomments&post=907"}],"version-history":[{"count":73,"href":"https:\/\/reddecuador.ambiente.gob.ec\/redd\/index.php?rest_route=\/wp\/v2\/pages\/907\/revisions"}],"predecessor-version":[{"id":2528,"href":"https:\/\/reddecuador.ambiente.gob.ec\/redd\/index.php?rest_route=\/wp\/v2\/pages\/907\/revisions\/2528"}],"up":[{"embeddable":true,"href":"https:\/\/reddecuador.ambiente.gob.ec\/redd\/index.php?rest_route=\/wp\/v2\/pages\/263"}],"wp:attachment":[{"href":"https:\/\/reddecuador.ambiente.gob.ec\/redd\/index.php?rest_route=%2Fwp%2Fv2%2Fmedia&parent=907"}],"curies":[{"name":"wp","href":"https:\/\/api.w.org\/{rel}","templated":true}]}}